CRAN Package Check Results for Package VarSelLCM

Last updated on 2022-10-06 03:58:46 CEST.

Flavor Version Tinstall Tcheck Ttotal Status Flags
r-devel-linux-x86_64-debian-clang 2.1.3.1 316.48 179.22 495.70 OK
r-devel-linux-x86_64-debian-gcc 2.1.3.1 246.42 118.82 365.24 OK
r-devel-linux-x86_64-fedora-clang 2.1.3.1 725.59 OK
r-devel-linux-x86_64-fedora-gcc 2.1.3.1 654.19 OK
r-devel-windows-x86_64 2.1.3.1 465.00 228.00 693.00 OK
r-patched-linux-x86_64 2.1.3.1 263.03 150.24 413.27 OK
r-release-linux-x86_64 2.1.3.1 279.73 153.96 433.69 OK
r-release-macos-arm64 2.1.3.1 148.00 NOTE
r-release-macos-x86_64 2.1.3.1 266.00 NOTE
r-release-windows-x86_64 2.1.3.1 303.00 232.00 535.00 OK
r-oldrel-macos-arm64 2.1.3.1 192.00 NOTE
r-oldrel-macos-x86_64 2.1.3.1 281.00 NOTE
r-oldrel-windows-ix86+x86_64 2.1.3.1 782.00 282.00 1064.00 OK

Check Details

Version: 2.1.3.1
Check: installed package size
Result: NOTE
     installed size is 9.0Mb
     sub-directories of 1Mb or more:
     libs 8.2Mb
Flavors: r-release-macos-arm64, r-release-macos-x86_64, r-oldrel-macos-arm64, r-oldrel-macos-x86_64