CRAN Package Check Results for Package VarSelLCM

Last updated on 2020-09-23 16:38:57 CEST.

Flavor Version Tinstall Tcheck Ttotal Status Flags
r-devel-linux-x86_64-debian-clang 2.1.3 323.40 153.33 476.73 NOTE
r-devel-linux-x86_64-debian-gcc 2.1.3 243.61 98.54 342.15 NOTE
r-devel-linux-x86_64-fedora-clang 2.1.3 666.10 NOTE
r-devel-linux-x86_64-fedora-gcc 2.1.3 591.66 NOTE
r-devel-windows-ix86+x86_64 2.1.3 797.00 257.00 1054.00 NOTE
r-patched-linux-x86_64 2.1.3 251.37 144.35 395.72 NOTE
r-patched-solaris-x86 2.1.3 546.80 NOTE
r-release-linux-x86_64 2.1.3 248.45 143.45 391.90 NOTE
r-release-macos-x86_64 2.1.3 NOTE
r-release-windows-ix86+x86_64 2.1.3 671.00 264.00 935.00 NOTE
r-oldrel-macos-x86_64 2.1.3 NOTE
r-oldrel-windows-ix86+x86_64 2.1.3 503.00 225.00 728.00 NOTE

Check Details

Version: 2.1.3
Check: line endings in C/C++/Fortran sources/headers
Result: NOTE
    Found the following sources/headers not terminated with a newline:
     inst/include/Algorithm.h
     inst/include/AlgorithmCategorical.h
     inst/include/AlgorithmContinuous.h
     inst/include/AlgorithmInteger.h
     inst/include/AlgorithmMixed.h
     inst/include/Data.h
     inst/include/DataCategorical.h
     inst/include/DataContinuous.h
     inst/include/DataInteger.h
     inst/include/DataMixed.h
     inst/include/Param.h
     inst/include/ParamCategorical.h
     inst/include/ParamContinuous.h
     inst/include/ParamInteger.h
     inst/include/ParamMixed.h
     inst/include/XEM.h
     inst/include/XEMCategorical.h
     inst/include/XEMContinuous.h
     inst/include/XEMInteger.h
     inst/include/XEMMixed.h
     inst/include/XEMPen.h
    Some compilers warn on such files.
Flavors: r-devel-linux-x86_64-debian-clang, r-devel-linux-x86_64-debian-gcc, r-devel-linux-x86_64-fedora-clang, r-devel-linux-x86_64-fedora-gcc, r-devel-windows-ix86+x86_64, r-patched-linux-x86_64, r-patched-solaris-x86, r-release-linux-x86_64, r-release-macos-x86_64, r-release-windows-ix86+x86_64, r-oldrel-macos-x86_64, r-oldrel-windows-ix86+x86_64

Version: 2.1.3
Check: installed package size
Result: NOTE
     installed size is 12.2Mb
     sub-directories of 1Mb or more:
     libs 11.4Mb
Flavors: r-devel-linux-x86_64-fedora-clang, r-release-macos-x86_64, r-oldrel-macos-x86_64