CRAN Package Check Results for Package VaRES

Last updated on 2022-08-17 03:52:18 CEST.

Flavor Version Tinstall Tcheck Ttotal Status Flags
r-devel-linux-x86_64-debian-clang 1.0.1 13.30 80.23 93.53 NOTE
r-devel-linux-x86_64-debian-gcc 1.0.1 NOTE
r-devel-linux-x86_64-fedora-clang 1.0.1 134.46 NOTE
r-devel-linux-x86_64-fedora-gcc 1.0.1 135.55 NOTE
r-devel-windows-x86_64 1.0.1 72.00 95.00 167.00 OK
r-patched-linux-x86_64 1.0.1 15.09 72.03 87.12 OK
r-release-linux-x86_64 1.0.1 12.81 72.07 84.88 OK
r-release-macos-arm64 1.0.1 27.00 OK
r-release-macos-x86_64 1.0.1 40.00 OK
r-release-windows-x86_64 1.0.1 70.00 109.00 179.00 OK
r-oldrel-macos-arm64 1.0.1 25.00 OK
r-oldrel-macos-x86_64 1.0.1 42.00 OK
r-oldrel-windows-ix86+x86_64 1.0.1 16.00 86.00 102.00 OK

Check Details

Version: 1.0.1
Check: HTML version of manual
Result: NOTE
    Found the following math rendering problems:
    aep.Rd:8-56: Undefined control sequence: \eqn in ...t], & \mbox{if \eqn{x > 0},}
     \end{...
    ast.Rd:8-41: Undefined control sequence: \eqn in ...}}, &
     \mbox{if \eqn{x > 0},}
     \end{...
    asypower.Rd:8-66: Undefined control sequence: \eqn in ...t], & \mbox{if \eqn{x > 0},}
     \end{...
Flavors: r-devel-linux-x86_64-debian-clang, r-devel-linux-x86_64-debian-gcc, r-devel-linux-x86_64-fedora-clang, r-devel-linux-x86_64-fedora-gcc