CRAN Package Check Results for Package VWPre

Last updated on 2022-10-04 03:56:57 CEST.

Flavor Version Tinstall Tcheck Ttotal Status Flags
r-devel-linux-x86_64-debian-clang 1.2.4 13.64 124.56 138.20 OK
r-devel-linux-x86_64-debian-gcc 1.2.4 7.95 90.00 97.95 OK
r-devel-linux-x86_64-fedora-clang 1.2.4 177.79 NOTE
r-devel-linux-x86_64-fedora-gcc 1.2.4 172.46 OK
r-devel-windows-x86_64 1.2.4 34.00 162.00 196.00 OK
r-patched-linux-x86_64 1.2.4 10.86 114.52 125.38 OK
r-release-linux-x86_64 1.2.4 9.02 114.54 123.56 OK
r-release-macos-arm64 1.2.4 56.00 OK
r-release-macos-x86_64 1.2.4 90.00 OK
r-release-windows-x86_64 1.2.4 21.00 156.00 177.00 OK
r-oldrel-macos-arm64 1.2.4 67.00 OK
r-oldrel-macos-x86_64 1.2.4 76.00 OK
r-oldrel-windows-ix86+x86_64 1.2.4 25.00 149.00 174.00 OK

Check Details

Version: 1.2.4
Check: Rd cross-references
Result: NOTE
    Undeclared package ‘tibble’ in Rd xrefs
Flavor: r-devel-linux-x86_64-fedora-clang