CRAN Package Check Results for Package VIRF

Last updated on 2022-05-20 03:56:01 CEST.

Flavor Version Tinstall Tcheck Ttotal Status Flags
r-devel-linux-x86_64-debian-clang 0.1.0 16.58 141.01 157.59 NOTE
r-devel-linux-x86_64-debian-gcc 0.1.0 13.45 107.93 121.38 NOTE
r-devel-linux-x86_64-fedora-clang 0.1.0 188.64 NOTE
r-devel-linux-x86_64-fedora-gcc 0.1.0 184.28 NOTE
r-devel-windows-x86_64 0.1.0 18.00 149.00 167.00 NOTE
r-patched-linux-x86_64 0.1.0 14.78 137.11 151.89 NOTE
r-release-linux-x86_64 0.1.0 15.50 136.99 152.49 NOTE
r-release-macos-arm64 0.1.0 52.00 NOTE
r-release-macos-x86_64 0.1.0 90.00 NOTE
r-release-windows-x86_64 0.1.0 22.00 155.00 177.00 NOTE
r-oldrel-macos-arm64 0.1.0 64.00 NOTE
r-oldrel-macos-x86_64 0.1.0 113.00 NOTE
r-oldrel-windows-ix86+x86_64 0.1.0 40.00 149.00 189.00 NOTE

Check Details

Version: 0.1.0
Check: LazyData
Result: NOTE
     'LazyData' is specified without a 'data' directory
Flavors: r-devel-linux-x86_64-debian-clang, r-devel-linux-x86_64-debian-gcc, r-devel-linux-x86_64-fedora-clang, r-devel-linux-x86_64-fedora-gcc, r-devel-windows-x86_64, r-patched-linux-x86_64, r-release-linux-x86_64, r-release-macos-arm64, r-release-macos-x86_64, r-release-windows-x86_64, r-oldrel-macos-arm64, r-oldrel-macos-x86_64, r-oldrel-windows-ix86+x86_64