CRAN Package Check Results for Package VGAMdata

Last updated on 2024-07-22 15:57:37 CEST.

Flavor Version Tinstall Tcheck Ttotal Status Flags
r-devel-linux-x86_64-debian-clang 1.1-9 9.40 73.65 83.05 OK
r-devel-linux-x86_64-debian-gcc 1.1-9 7.30 57.07 64.37 NOTE
r-devel-linux-x86_64-fedora-clang 1.1-9 105.34 OK
r-devel-linux-x86_64-fedora-gcc 1.1-9 98.75 OK
r-devel-windows-x86_64 1.1-9 9.00 92.00 101.00 NOTE
r-patched-linux-x86_64 1.1-9 15.02 72.21 87.23 OK
r-release-linux-x86_64 1.1-9 8.09 73.71 81.80 OK
r-release-macos-arm64 1.1-9 28.00 OK
r-release-macos-x86_64 1.1-9 46.00 OK
r-release-windows-x86_64 1.1-9 10.00 91.00 101.00 OK
r-oldrel-macos-arm64 1.1-9 35.00 WARN
r-oldrel-macos-x86_64 1.1-9 82.00 WARN
r-oldrel-windows-x86_64 1.1-9 9.00 104.00 113.00 OK

Check Details

Version: 1.1-9
Check: Rd cross-references
Result: NOTE Found the following Rd file(s) with Rd \link{} targets missing package anchors: bellff.Rd: CommonVGAMffArguments, vglmff-class, vglm, vgam, poissonff bigamma.mckay.Rd: Links, CommonVGAMffArguments, vglmff-class, vglm, vgam oalog.Rd: Links, logff, CommonVGAMffArguments, fittedvlm, vglmff-class, vglm, vgam, binomialff, Gaitdlog, simulate.vlm oalogUC.Rd: Gaitdlog oapospoisson.Rd: Links, pospoisson, CommonVGAMffArguments, fittedvlm, vglmff-class, vglm, vgam, binomialff, simulate.vlm oazeta.Rd: Links, zeta, CommonVGAMffArguments, fittedvlm, vglmff-class, vglm, vgam, binomialff, zetaff, simulate.vlm oazetaUC.Rd: zeta oilog.Rd: zipoisson, CommonVGAMffArguments, vglmff-class, vglm, rrvglm, vgam, Gaitdlog, logff oilogUC.Rd: Gaitdlog, rlog, logff oiposbinomUC.Rd: posbinomial, binomialff oiposbinomial.Rd: Links, CommonVGAMffArguments, fittedvlm, binomialff, posbinomial, vglmff-class, vglm, vgam, zipoisson oipospoisUC.Rd: pospoisson, poissonff oipospoisson.Rd: zipoisson, CommonVGAMffArguments, vglmff-class, vglm, rrvglm, vgam, pospoisson, poissonff, simulate.vlm oizeta.Rd: zipoisson, CommonVGAMffArguments, vglmff-class, vglm, rrvglm, vgam, zetaff, diffzeta, zeta oizetaUC.Rd: Zeta, zetaff oizipf.Rd: zipf, zipoisson, CommonVGAMffArguments, vglmff-class, vglm, rrvglm, vgam oizipfUC.Rd: Zipf, zipf otlog.Rd: logff, CommonVGAMffArguments, vglmff-class, vglm, vgam, Gaitdlog, simulate.vlm otlogUC.Rd: logff, plog, Gaitdlog, rlog otpospoisUC.Rd: pospoisson otpospoisson.Rd: pospoisson, CommonVGAMffArguments, vglmff-class, vglm, vgam, simulate.vlm otzeta.Rd: zetaff, CommonVGAMffArguments, vglmff-class, vglm, vgam, diffzeta, zeta, dzeta, hzeta, zipf otzetaUC.Rd: zetaff posbinomUC.Rd: Gaitdbinom posnegbinUC.Rd: Gaitdnbinom Please provide package anchors for all Rd \link{} targets not in the package itself and the base packages. Flavors: r-devel-linux-x86_64-debian-gcc, r-devel-windows-x86_64

Version: 1.1-9
Check: Rd cross-references
Result: WARN Missing link or links in documentation object 'bigamma.mckay.Rd': ‘[VGAM]{gammaff.mm}’ See section 'Cross-references' in the 'Writing R Extensions' manual. Flavors: r-oldrel-macos-arm64, r-oldrel-macos-x86_64