Last updated on 2022-07-01 15:51:32 CEST.
Flavor | Version | Tinstall | Tcheck | Ttotal | Status | Flags |
---|---|---|---|---|---|---|
r-devel-linux-x86_64-debian-clang | 1.3 | 138.15 | 110.79 | 248.94 | OK | |
r-devel-linux-x86_64-debian-gcc | 1.3 | 106.39 | 90.27 | 196.66 | OK | |
r-devel-linux-x86_64-fedora-clang | 1.3 | 358.31 | OK | |||
r-devel-linux-x86_64-fedora-gcc | 1.3 | 327.21 | OK | |||
r-devel-windows-x86_64 | 1.3 | 135.00 | 149.00 | 284.00 | OK | |
r-patched-linux-x86_64 | 1.3 | 121.42 | 103.92 | 225.34 | OK | |
r-release-linux-x86_64 | 1.3 | 122.57 | 110.71 | 233.28 | OK | |
r-release-macos-arm64 | 1.3 | 80.00 | NOTE | |||
r-release-macos-x86_64 | 1.3 | 103.00 | NOTE | |||
r-release-windows-x86_64 | 1.3 | 152.00 | 146.00 | 298.00 | OK | |
r-oldrel-macos-arm64 | 1.3 | 76.00 | NOTE | |||
r-oldrel-macos-x86_64 | 1.3 | 101.00 | NOTE | |||
r-oldrel-windows-ix86+x86_64 | 1.3 | 342.00 | 168.00 | 510.00 | OK |
Version: 1.3
Check: installed package size
Result: NOTE
installed size is 5.4Mb
sub-directories of 1Mb or more:
libs 4.7Mb
Flavors: r-release-macos-arm64, r-release-macos-x86_64, r-oldrel-macos-arm64, r-oldrel-macos-x86_64