CRAN Package Check Results for Package VBTree

Last updated on 2020-09-22 16:02:44 CEST.

Flavor Version Tinstall Tcheck Ttotal Status Flags
r-devel-linux-x86_64-debian-clang 0.1.0 2.50 27.41 29.91 NOTE
r-devel-linux-x86_64-debian-gcc 0.1.0 1.99 21.95 23.94 NOTE
r-devel-linux-x86_64-fedora-clang 0.1.0 46.56 OK
r-devel-linux-x86_64-fedora-gcc 0.1.0 37.65 OK
r-devel-windows-ix86+x86_64 0.1.0 6.00 37.00 43.00 NOTE
r-patched-linux-x86_64 0.1.0 2.37 27.39 29.76 NOTE
r-patched-solaris-x86 0.1.0 53.50 OK
r-release-linux-x86_64 0.1.0 2.75 27.18 29.93 NOTE
r-release-macos-x86_64 0.1.0 OK
r-release-windows-ix86+x86_64 0.1.0 8.00 50.00 58.00 NOTE
r-oldrel-macos-x86_64 0.1.0 OK
r-oldrel-windows-ix86+x86_64 0.1.0 4.00 48.00 52.00 OK

Check Details

Version: 0.1.0
Check: package vignettes
Result: NOTE
    Package vignette with placeholder title 'Vignette Title':
     'VBTree_vignette.Rmd'
Flavors: r-devel-linux-x86_64-debian-clang, r-devel-linux-x86_64-debian-gcc, r-devel-windows-ix86+x86_64, r-patched-linux-x86_64, r-release-linux-x86_64, r-release-windows-ix86+x86_64