CRAN Package Check Results for Package VARtests

Last updated on 2022-07-01 15:51:32 CEST.

Flavor Version Tinstall Tcheck Ttotal Status Flags
r-devel-linux-x86_64-debian-clang 2.0.5 107.75 47.04 154.79 OK
r-devel-linux-x86_64-debian-gcc 2.0.5 83.74 36.49 120.23 OK
r-devel-linux-x86_64-fedora-clang 2.0.5 239.52 NOTE
r-devel-linux-x86_64-fedora-gcc 2.0.5 210.93 OK
r-devel-windows-x86_64 2.0.5 84.00 97.00 181.00 OK
r-patched-linux-x86_64 2.0.5 93.01 45.44 138.45 OK
r-release-linux-x86_64 2.0.5 92.31 44.83 137.14 OK
r-release-macos-arm64 2.0.5 52.00 NOTE
r-release-macos-x86_64 2.0.5 65.00 NOTE
r-release-windows-x86_64 2.0.5 82.00 96.00 178.00 OK
r-oldrel-macos-arm64 2.0.5 59.00 NOTE
r-oldrel-macos-x86_64 2.0.5 71.00 NOTE
r-oldrel-windows-ix86+x86_64 2.0.5 257.00 94.00 351.00 OK

Check Details

Version: 2.0.5
Check: Rd cross-references
Result: NOTE
    Undeclared package ‘vars’ in Rd xrefs
Flavor: r-devel-linux-x86_64-fedora-clang

Version: 2.0.5
Check: installed package size
Result: NOTE
     installed size is 6.4Mb
     sub-directories of 1Mb or more:
     libs 6.2Mb
Flavors: r-release-macos-arm64, r-release-macos-x86_64, r-oldrel-macos-arm64, r-oldrel-macos-x86_64