CRAN Package Check Results for Package UpDown

Last updated on 2024-07-12 15:53:03 CEST.

Flavor Version Tinstall Tcheck Ttotal Status Flags
r-devel-linux-x86_64-debian-clang 1.2.1 17.17 136.78 153.95 OK
r-devel-linux-x86_64-debian-gcc 1.2.1 17.84 103.01 120.85 OK
r-devel-linux-x86_64-fedora-clang 1.2.1 203.10 OK
r-devel-linux-x86_64-fedora-gcc 1.2.1 193.92 OK
r-devel-windows-x86_64 1.2.1 20.00 107.00 127.00 NOTE
r-patched-linux-x86_64 1.2.1 26.92 135.58 162.50 OK
r-release-linux-x86_64 1.2.1 14.55 133.46 148.01 OK
r-release-macos-arm64 1.2.1 51.00 OK
r-release-macos-x86_64 1.2.1 81.00 OK
r-release-windows-x86_64 1.2.1 20.00 110.00 130.00 OK
r-oldrel-macos-arm64 1.2.1 55.00 OK
r-oldrel-macos-x86_64 1.2.1 126.00 OK
r-oldrel-windows-x86_64 1.2.1 26.00 137.00 163.00 OK

Check Details

Version: 1.2.1
Check: Rd cross-references
Result: NOTE Found the following Rd file(s) with Rd \link{} targets missing package anchors: UpDown.Rd: normalmixEM, mclust UpDownApp.Rd: shiny, ggplot2 Please provide package anchors for all Rd \link{} targets not in the package itself and the base packages. Flavor: r-devel-windows-x86_64