CRAN Package Check Results for Package USgas

Last updated on 2024-06-18 03:57:24 CEST.

Flavor Version Tinstall Tcheck Ttotal Status Flags
r-devel-linux-x86_64-debian-clang 0.1.2 3.24 33.00 36.24 OK
r-devel-linux-x86_64-debian-gcc 0.1.2 2.65 24.98 27.63 OK
r-devel-linux-x86_64-fedora-clang 0.1.2 47.10 NOTE
r-devel-linux-x86_64-fedora-gcc 0.1.2 57.79 OK
r-devel-windows-x86_64 0.1.2 4.00 48.00 52.00 NOTE
r-patched-linux-x86_64 0.1.2 4.52 31.95 36.47 OK
r-release-linux-x86_64 0.1.2 3.68 31.63 35.31 OK
r-release-macos-arm64 0.1.2 24.00 NOTE
r-release-macos-x86_64 0.1.2 37.00 NOTE
r-release-windows-x86_64 0.1.2 5.00 49.00 54.00 NOTE
r-oldrel-macos-arm64 0.1.2 36.00 NOTE
r-oldrel-macos-x86_64 0.1.2 56.00 NOTE
r-oldrel-windows-x86_64 0.1.2 4.00 52.00 56.00 NOTE

Check Details

Version: 0.1.2
Check: installed package size
Result: NOTE installed size is 5.3Mb sub-directories of 1Mb or more: doc 3.8Mb Flavors: r-devel-linux-x86_64-fedora-clang, r-devel-windows-x86_64, r-release-macos-arm64, r-release-macos-x86_64, r-release-windows-x86_64, r-oldrel-macos-arm64, r-oldrel-macos-x86_64, r-oldrel-windows-x86_64