CRAN Package Check Results for Package UKgrid

Last updated on 2020-09-22 16:02:44 CEST.

Flavor Version Tinstall Tcheck Ttotal Status Flags
r-devel-linux-x86_64-debian-clang 0.1.3 4.59 25.84 30.43 OK
r-devel-linux-x86_64-debian-gcc 0.1.3 4.13 20.41 24.54 OK
r-devel-linux-x86_64-fedora-clang 0.1.3 45.69 OK
r-devel-linux-x86_64-fedora-gcc 0.1.3 36.65 OK
r-devel-windows-ix86+x86_64 0.1.3 9.00 35.00 44.00 OK
r-patched-linux-x86_64 0.1.3 4.79 24.89 29.68 OK
r-patched-solaris-x86 0.1.3 55.80 NOTE
r-release-linux-x86_64 0.1.3 4.76 24.94 29.70 OK
r-release-macos-x86_64 0.1.3 OK
r-release-windows-ix86+x86_64 0.1.3 9.00 51.00 60.00 OK
r-oldrel-macos-x86_64 0.1.3 OK
r-oldrel-windows-ix86+x86_64 0.1.3 6.00 38.00 44.00 OK

Check Details

Version: 0.1.3
Check: package dependencies
Result: NOTE
    Package suggested but not available for checking: ‘TSstudio’
Flavor: r-patched-solaris-x86