Last updated on 2022-08-10 04:54:15 CEST.
Flavor | Version | Tinstall | Tcheck | Ttotal | Status | Flags |
---|---|---|---|---|---|---|
r-devel-linux-x86_64-debian-clang | 2.2.2 | 103.62 | 162.66 | 266.28 | OK | |
r-devel-linux-x86_64-debian-gcc | 2.2.2 | 88.01 | 120.17 | 208.18 | OK | |
r-devel-linux-x86_64-fedora-clang | 2.2.2 | 340.41 | NOTE | |||
r-devel-linux-x86_64-fedora-gcc | 2.2.2 | 292.55 | OK | |||
r-devel-windows-x86_64 | 2.2.2 | 71.00 | 141.00 | 212.00 | OK | |
r-patched-linux-x86_64 | 2.2.2 | 78.83 | 128.80 | 207.63 | OK | |
r-release-linux-x86_64 | 2.2.2 | OK | ||||
r-release-macos-arm64 | 2.2.2 | 84.00 | NOTE | |||
r-release-macos-x86_64 | 2.2.2 | 90.00 | NOTE | |||
r-release-windows-x86_64 | 2.2.2 | 80.00 | 146.00 | 226.00 | OK | |
r-oldrel-macos-arm64 | 2.2.2 | 95.00 | NOTE | |||
r-oldrel-macos-x86_64 | 2.2.2 | 85.00 | NOTE | |||
r-oldrel-windows-ix86+x86_64 | 2.2.2 | 209.00 | 179.00 | 388.00 | OK |
Version: 2.2.2
Check: installed package size
Result: NOTE
installed size is 10.4Mb
sub-directories of 1Mb or more:
libs 10.0Mb
Flavors: r-devel-linux-x86_64-fedora-clang, r-release-macos-arm64, r-release-macos-x86_64, r-oldrel-macos-arm64, r-oldrel-macos-x86_64