CRAN Package Check Results for Package TukeyRegion

Last updated on 2022-10-01 15:53:09 CEST.

Flavor Version Tinstall Tcheck Ttotal Status Flags
r-devel-linux-x86_64-debian-clang 0.1.5.5 105.69 59.59 165.28 OK
r-devel-linux-x86_64-debian-gcc 0.1.5.5 86.78 45.83 132.61 OK
r-devel-linux-x86_64-fedora-clang 0.1.5.5 256.25 OK
r-devel-linux-x86_64-fedora-gcc 0.1.5.5 238.42 OK
r-devel-windows-x86_64 0.1.5.5 100.00 121.00 221.00 OK
r-patched-linux-x86_64 0.1.5.5 95.97 57.21 153.18 OK
r-release-linux-x86_64 0.1.5.5 85.77 55.87 141.64 OK
r-release-macos-arm64 0.1.5.5 70.00 NOTE
r-release-macos-x86_64 0.1.5.5 76.00 NOTE
r-release-windows-x86_64 0.1.5.5 97.00 160.00 257.00 OK
r-oldrel-macos-arm64 0.1.5.5 65.00 NOTE
r-oldrel-macos-x86_64 0.1.5.5 73.00 NOTE
r-oldrel-windows-ix86+x86_64 0.1.5.5 268.00 136.00 404.00 OK

Check Details

Version: 0.1.5.5
Check: installed package size
Result: NOTE
     installed size is 5.6Mb
     sub-directories of 1Mb or more:
     libs 5.5Mb
Flavors: r-release-macos-arm64, r-release-macos-x86_64, r-oldrel-macos-arm64, r-oldrel-macos-x86_64