CRAN Package Check Results for Package TreePar

Last updated on 2020-09-18 15:53:04 CEST.

Flavor Version Tinstall Tcheck Ttotal Status Flags
r-devel-linux-x86_64-debian-clang 3.3 11.84 80.27 92.11 NOTE
r-devel-linux-x86_64-debian-gcc 3.3 8.81 62.16 70.97 NOTE
r-devel-linux-x86_64-fedora-clang 3.3 125.41 NOTE
r-devel-linux-x86_64-fedora-gcc 3.3 118.72 NOTE
r-devel-windows-ix86+x86_64 3.3 25.00 108.00 133.00 NOTE
r-patched-linux-x86_64 3.3 9.91 78.93 88.84 NOTE
r-patched-solaris-x86 3.3 169.20 NOTE
r-release-linux-x86_64 3.3 10.28 80.29 90.57 NOTE
r-release-macos-x86_64 3.3 NOTE
r-release-windows-ix86+x86_64 3.3 26.00 88.00 114.00 NOTE
r-oldrel-macos-x86_64 3.3 NOTE
r-oldrel-windows-ix86+x86_64 3.3 21.00 101.00 122.00 NOTE

Check Details

Version: 3.3
Check: R code for possible problems
Result: NOTE
    LikAge: no visible global function definition for 'read.table'
    bd.ME.optim: no visible global function definition for 'optim'
    bd.ME.optim.rho: no visible global function definition for 'optim'
    bd.ME.optim.rho.all: no visible global function definition for 'optim'
    bd.MEyule.optim: no visible global function definition for 'optimize'
    bd.MEyule.optim: no visible global function definition for 'optim'
    bd.age.optim.matlab: no visible global function definition for
     'read.table'
    bd.groups.conf: no visible global function definition for 'uniroot'
    bd.shifts.plot: no visible global function definition for 'lines'
    bdsky.stt.optim: no visible global function definition for 'optim'
    create.mat: no visible global function definition for 'write.table'
    Undefined global functions or variables:
     lines optim optimize read.table uniroot write.table
    Consider adding
     importFrom("graphics", "lines")
     importFrom("stats", "optim", "optimize", "uniroot")
     importFrom("utils", "read.table", "write.table")
    to your NAMESPACE file.
Flavors: r-devel-linux-x86_64-debian-clang, r-devel-linux-x86_64-debian-gcc, r-devel-linux-x86_64-fedora-clang, r-devel-linux-x86_64-fedora-gcc, r-devel-windows-ix86+x86_64, r-patched-linux-x86_64, r-patched-solaris-x86, r-release-linux-x86_64, r-release-macos-x86_64, r-release-windows-ix86+x86_64

Version: 3.3
Check: R code for possible problems
Result: NOTE
    LikAge: no visible global function definition for ‘read.table’
    bd.ME.optim: no visible global function definition for ‘optim’
    bd.ME.optim.rho: no visible global function definition for ‘optim’
    bd.ME.optim.rho.all: no visible global function definition for ‘optim’
    bd.MEyule.optim: no visible global function definition for ‘optimize’
    bd.MEyule.optim: no visible global function definition for ‘optim’
    bd.age.optim.matlab: no visible global function definition for
     ‘read.table’
    bd.groups.conf: no visible global function definition for ‘uniroot’
    bd.shifts.plot: no visible global function definition for ‘plot’
    bd.shifts.plot: no visible global function definition for ‘lines’
    bdsky.stt.optim: no visible global function definition for ‘optim’
    create.mat: no visible global function definition for ‘write.table’
    Undefined global functions or variables:
     lines optim optimize plot read.table uniroot write.table
    Consider adding
     importFrom("graphics", "lines", "plot")
     importFrom("stats", "optim", "optimize", "uniroot")
     importFrom("utils", "read.table", "write.table")
    to your NAMESPACE file.
Flavors: r-oldrel-macos-x86_64, r-oldrel-windows-ix86+x86_64