Last updated on 2022-06-29 03:52:54 CEST.
Flavor | Version | Tinstall | Tcheck | Ttotal | Status | Flags |
---|---|---|---|---|---|---|
r-devel-linux-x86_64-debian-clang | 2.4.0 | 47.92 | 224.45 | 272.37 | NOTE | |
r-devel-linux-x86_64-debian-gcc | 2.4.0 | 43.87 | 168.92 | 212.79 | NOTE | |
r-devel-linux-x86_64-fedora-clang | 2.4.0 | 351.98 | NOTE | |||
r-devel-linux-x86_64-fedora-gcc | 2.4.0 | 343.48 | NOTE | |||
r-devel-windows-x86_64 | 2.4.0 | 106.00 | 297.00 | 403.00 | NOTE | |
r-patched-linux-x86_64 | 2.4.0 | 46.47 | 214.83 | 261.30 | NOTE | |
r-release-linux-x86_64 | 2.4.0 | 45.67 | 216.43 | 262.10 | NOTE | |
r-release-macos-arm64 | 2.4.0 | 112.00 | NOTE | |||
r-release-macos-x86_64 | 2.4.0 | 182.00 | NOTE | |||
r-release-windows-x86_64 | 2.4.0 | 117.00 | 296.00 | 413.00 | NOTE | |
r-oldrel-macos-arm64 | 2.4.0 | 111.00 | NOTE | |||
r-oldrel-macos-x86_64 | 2.4.0 | 145.00 | NOTE | |||
r-oldrel-windows-ix86+x86_64 | 2.4.0 | 117.00 | 392.00 | 509.00 | NOTE |
Version: 2.4.0
Check: package dependencies
Result: NOTE
Package suggested but not available for checking: 'TreeDistData'
Flavors: r-devel-linux-x86_64-debian-clang, r-devel-linux-x86_64-debian-gcc, r-devel-linux-x86_64-fedora-clang, r-devel-linux-x86_64-fedora-gcc, r-devel-windows-x86_64, r-patched-linux-x86_64, r-release-linux-x86_64, r-release-macos-arm64, r-release-macos-x86_64, r-release-windows-x86_64, r-oldrel-macos-arm64, r-oldrel-macos-x86_64, r-oldrel-windows-ix86+x86_64