CRAN Package Check Results for Package TreeBUGS

Last updated on 2022-06-28 03:51:45 CEST.

Flavor Version Tinstall Tcheck Ttotal Status Flags
r-devel-linux-x86_64-debian-clang 1.4.7 50.77 77.21 127.98 WARN
r-devel-linux-x86_64-debian-gcc 1.4.7 43.19 57.54 100.73 OK
r-devel-linux-x86_64-fedora-clang 1.4.7 183.09 WARN
r-devel-linux-x86_64-fedora-gcc 1.4.7 172.36 OK
r-devel-windows-x86_64 1.4.7 95.00 160.00 255.00 OK
r-patched-linux-x86_64 1.4.7 42.92 73.00 115.92 OK
r-release-linux-x86_64 1.4.7 47.98 74.30 122.28 OK
r-release-macos-arm64 1.4.7 55.00 OK
r-release-macos-x86_64 1.4.7 67.00 OK
r-release-windows-x86_64 1.4.7 91.00 298.00 389.00 OK
r-oldrel-macos-arm64 1.4.7 45.00 OK
r-oldrel-macos-x86_64 1.4.7 84.00 OK
r-oldrel-windows-ix86+x86_64 1.4.7 126.00 209.00 335.00 OK

Additional issues

clang14

Check Details

Version: 1.4.7
Check: whether package can be installed
Result: WARN
    Found the following significant warnings:
     betaMPT.cpp:59:9: warning: use of bitwise '|' with boolean operands [-Wbitwise-instead-of-logical]
     betaMPT.cpp:59:39: warning: use of bitwise '&' with boolean operands [-Wbitwise-instead-of-logical]
     betaMPT.cpp:59:11: warning: use of bitwise '&' with boolean operands [-Wbitwise-instead-of-logical]
     betaMPT.cpp:61:15: warning: use of bitwise '|' with boolean operands [-Wbitwise-instead-of-logical]
     betaMPT.cpp:61:45: warning: use of bitwise '&' with boolean operands [-Wbitwise-instead-of-logical]
     betaMPT.cpp:61:17: warning: use of bitwise '&' with boolean operands [-Wbitwise-instead-of-logical]
     betaMPT.cpp:85:9: warning: use of bitwise '|' with boolean operands [-Wbitwise-instead-of-logical]
     betaMPT.cpp:85:39: warning: use of bitwise '&' with boolean operands [-Wbitwise-instead-of-logical]
     betaMPT.cpp:85:11: warning: use of bitwise '&' with boolean operands [-Wbitwise-instead-of-logical]
     betaMPT.cpp:87:15: warning: use of bitwise '|' with boolean operands [-Wbitwise-instead-of-logical]
     betaMPT.cpp:87:45: warning: use of bitwise '&' with boolean operands [-Wbitwise-instead-of-logical]
     betaMPT.cpp:87:17: warning: use of bitwise '&' with boolean operands [-Wbitwise-instead-of-logical]
Flavors: r-devel-linux-x86_64-debian-clang, r-devel-linux-x86_64-fedora-clang