Last updated on 2022-06-28 03:51:45 CEST.
Flavor | Version | Tinstall | Tcheck | Ttotal | Status | Flags |
---|---|---|---|---|---|---|
r-devel-linux-x86_64-debian-clang | 0.6.4 | 22.46 | 169.63 | 192.09 | OK | |
r-devel-linux-x86_64-debian-gcc | 0.6.4 | 16.30 | 125.64 | 141.94 | OK | |
r-devel-linux-x86_64-fedora-clang | 0.6.4 | 234.34 | WARN | |||
r-devel-linux-x86_64-fedora-gcc | 0.6.4 | 230.71 | WARN | |||
r-devel-windows-x86_64 | 0.6.4 | 111.00 | 190.00 | 301.00 | OK | |
r-patched-linux-x86_64 | 0.6.4 | 27.45 | 154.42 | 181.87 | OK | |
r-release-linux-x86_64 | 0.6.4 | 19.35 | 158.24 | 177.59 | OK | |
r-release-macos-arm64 | 0.6.4 | 62.00 | OK | |||
r-release-macos-x86_64 | 0.6.4 | 86.00 | OK | |||
r-release-windows-x86_64 | 0.6.4 | 128.00 | 192.00 | 320.00 | OK | |
r-oldrel-macos-arm64 | 0.6.4 | 56.00 | OK | |||
r-oldrel-macos-x86_64 | 0.6.4 | 80.00 | OK | |||
r-oldrel-windows-ix86+x86_64 | 0.6.4 | 46.00 | 259.00 | 305.00 | OK |
Version: 0.6.4
Check: package dependencies
Result: WARN
Requires orphaned package: ‘gtools’
Flavors: r-devel-linux-x86_64-fedora-clang, r-devel-linux-x86_64-fedora-gcc