CRAN Package Check Results for Package TopKLists

Last updated on 2024-06-25 05:01:08 CEST.

Flavor Version Tinstall Tcheck Ttotal Status Flags
r-devel-linux-x86_64-debian-clang 1.0.8 12.38 117.50 129.88 NOTE
r-devel-linux-x86_64-debian-gcc 1.0.8 8.40 87.28 95.68 NOTE
r-devel-linux-x86_64-fedora-clang 1.0.8 167.78 NOTE
r-devel-linux-x86_64-fedora-gcc 1.0.8 172.86 NOTE
r-devel-windows-x86_64 1.0.8 12.00 124.00 136.00 NOTE
r-patched-linux-x86_64 1.0.8 10.40 119.58 129.98 NOTE
r-release-linux-x86_64 1.0.8 6.80 118.50 125.30 NOTE
r-release-macos-arm64 1.0.8 59.00 NOTE
r-release-macos-x86_64 1.0.8 91.00 WARN
r-release-windows-x86_64 1.0.8 14.00 133.00 147.00 NOTE
r-oldrel-macos-arm64 1.0.8 83.00 NOTE
r-oldrel-macos-x86_64 1.0.8 124.00 NOTE
r-oldrel-windows-x86_64 1.0.8 16.00 172.00 188.00 NOTE

Check Details

Version: 1.0.8
Check: package dependencies
Result: NOTE Packages suggested but not available for checking: 'RGtk2', 'gWidgets2RGtk2' Flavors: r-devel-linux-x86_64-debian-clang, r-devel-linux-x86_64-debian-gcc, r-devel-linux-x86_64-fedora-clang, r-devel-linux-x86_64-fedora-gcc, r-devel-windows-x86_64, r-patched-linux-x86_64, r-release-linux-x86_64, r-release-macos-arm64, r-release-macos-x86_64, r-release-windows-x86_64, r-oldrel-macos-arm64, r-oldrel-macos-x86_64, r-oldrel-windows-x86_64

Version: 1.0.8
Check: re-building of vignette outputs
Result: WARN Error(s) in re-building vignettes: ... --- re-building ‘TopKLists.Rnw’ using knitr Error: processing vignette 'TopKLists.Rnw' failed with diagnostics: Running 'texi2dvi' on 'TopKLists.tex' failed. LaTeX errors: ! Undefined control sequence. l.137 \hlkwd{library}\hldef {(TopKLists)} ? ! Emergency stop. ! Emergency stop. l.137 End of file on the terminal! ! ==> Fatal error occurred, no output PDF file produced! --- failed re-building ‘TopKLists.Rnw’ SUMMARY: processing the following file failed: ‘TopKLists.Rnw’ Error: Vignette re-building failed. Execution halted Flavor: r-release-macos-x86_64