CRAN Package Check Results for Package TextForecast

Last updated on 2024-06-14 15:54:16 CEST.

Flavor Version Tinstall Tcheck Ttotal Status Flags
r-devel-linux-x86_64-debian-clang 0.1.3 14.81 132.55 147.36 OK
r-devel-linux-x86_64-debian-gcc 0.1.3 11.56 102.33 113.89 OK
r-devel-linux-x86_64-fedora-clang 0.1.3 188.29 NOTE
r-devel-linux-x86_64-fedora-gcc 0.1.3 188.39 NOTE
r-devel-windows-x86_64 0.1.3 13.00 118.00 131.00 OK
r-patched-linux-x86_64 0.1.3 12.76 129.44 142.20 OK
r-release-linux-x86_64 0.1.3 9.08 131.66 140.74 OK
r-release-macos-arm64 0.1.3 64.00 OK
r-release-macos-x86_64 0.1.3 96.00 OK
r-release-windows-x86_64 0.1.3 13.00 118.00 131.00 OK
r-oldrel-macos-arm64 0.1.3 74.00 OK
r-oldrel-macos-x86_64 0.1.3 105.00 OK
r-oldrel-windows-x86_64 0.1.3 18.00 142.00 160.00 OK

Check Details

Version: 0.1.3
Check: dependencies in R code
Result: NOTE Namespaces in Imports field not imported from: ‘doParallel’ ‘forecast’ ‘parallel’ ‘tidyr’ All declared Imports should be used. Flavors: r-devel-linux-x86_64-fedora-clang, r-devel-linux-x86_64-fedora-gcc

Version: 0.1.3
Check: data for non-ASCII characters
Result: NOTE Note: found 40 marked UTF-8 strings Flavors: r-devel-linux-x86_64-fedora-clang, r-devel-linux-x86_64-fedora-gcc