CRAN Package Check Results for Package TestGardener

Last updated on 2022-08-17 15:50:07 CEST.

Flavor Version Tinstall Tcheck Ttotal Status Flags
r-devel-linux-x86_64-debian-clang 3.0.0 18.89 637.52 656.41 NOTE
r-devel-linux-x86_64-debian-gcc 3.0.0 NOTE
r-devel-linux-x86_64-fedora-clang 3.0.0 782.87 NOTE
r-devel-linux-x86_64-fedora-gcc 3.0.0 762.77 NOTE
r-devel-windows-x86_64 3.0.0 37.00 796.00 833.00 NOTE
r-patched-linux-x86_64 3.0.0 23.52 574.93 598.45 OK
r-release-linux-x86_64 3.0.0 17.16 566.71 583.87 OK
r-release-macos-arm64 3.0.0 152.00 OK
r-release-macos-x86_64 3.0.0 328.00 OK
r-release-windows-x86_64 3.0.0 61.00 830.00 891.00 OK
r-oldrel-macos-arm64 3.0.0 143.00 OK
r-oldrel-macos-x86_64 3.0.0 328.00 OK
r-oldrel-windows-ix86+x86_64 3.0.0 38.00 823.00 861.00 OK

Check Details

Version: 3.0.0
Check: package subdirectories
Result: NOTE
    Problems with news in 'inst/NEWS.Rd':
    No news entries found.
Flavors: r-devel-linux-x86_64-debian-clang, r-devel-linux-x86_64-debian-gcc, r-devel-linux-x86_64-fedora-clang, r-devel-linux-x86_64-fedora-gcc, r-devel-windows-x86_64