Last updated on 2025-04-23 15:52:47 CEST.
Flavor | Version | Tinstall | Tcheck | Ttotal | Status | Flags |
---|---|---|---|---|---|---|
r-devel-linux-x86_64-debian-clang | 1.0.0 | 64.18 | 426.16 | 490.34 | OK | |
r-devel-linux-x86_64-debian-gcc | 1.0.0 | 44.20 | 260.97 | 305.17 | OK | |
r-devel-linux-x86_64-fedora-clang | 1.0.0 | 768.79 | OK | |||
r-devel-linux-x86_64-fedora-gcc | 1.0.0 | 767.82 | OK | |||
r-devel-windows-x86_64 | 1.0.0 | 60.00 | 348.00 | 408.00 | OK | |
r-patched-linux-x86_64 | 1.0.0 | 60.97 | 403.95 | 464.92 | OK | |
r-release-linux-x86_64 | 1.0.0 | 58.37 | 405.55 | 463.92 | OK | |
r-release-macos-arm64 | 1.0.0 | 184.00 | OK | |||
r-release-macos-x86_64 | 1.0.0 | 417.00 | OK | |||
r-release-windows-x86_64 | 1.0.0 | 58.00 | 435.00 | 493.00 | OK | |
r-oldrel-macos-arm64 | 1.0.0 | 170.00 | OK | |||
r-oldrel-macos-x86_64 | 1.0.0 | 382.00 | OK | |||
r-oldrel-windows-x86_64 | 1.0.0 | 82.00 | 642.00 | 724.00 | WARN |
Version: 1.0.0
Check: whether the namespace can be loaded with stated dependencies
Result: WARN
A namespace must be able to be loaded with just the base namespace
loaded: otherwise if the namespace gets loaded by a saved object, the
session will be unable to start.
Probably some imports need to be declared in the NAMESPACE file.
Flavor: r-oldrel-windows-x86_64