CRAN Package Check Results for Package TensorComplete

Last updated on 2022-09-24 15:55:33 CEST.

Flavor Version Tinstall Tcheck Ttotal Status Flags
r-devel-linux-x86_64-debian-clang 0.1.0 8.09 85.69 93.78 NOTE
r-devel-linux-x86_64-debian-gcc 0.1.0 6.20 65.55 71.75 NOTE
r-devel-linux-x86_64-fedora-clang 0.1.0 128.18 NOTE
r-devel-linux-x86_64-fedora-gcc 0.1.0 126.93 NOTE
r-devel-windows-x86_64 0.1.0 34.00 105.00 139.00 NOTE
r-patched-linux-x86_64 0.1.0 6.83 81.83 88.66 OK
r-release-linux-x86_64 0.1.0 8.78 81.76 90.54 OK
r-release-macos-arm64 0.1.0 37.00 OK
r-release-macos-x86_64 0.1.0 48.00 OK
r-release-windows-x86_64 0.1.0 33.00 105.00 138.00 OK
r-oldrel-macos-arm64 0.1.0 38.00 OK
r-oldrel-macos-x86_64 0.1.0 66.00 OK
r-oldrel-windows-ix86+x86_64 0.1.0 19.00 107.00 126.00 OK

Check Details

Version: 0.1.0
Check: package subdirectories
Result: NOTE
    Problems with news in 'NEWS.md':
    No news entries found.
Flavors: r-devel-linux-x86_64-debian-clang, r-devel-linux-x86_64-debian-gcc, r-devel-linux-x86_64-fedora-clang, r-devel-linux-x86_64-fedora-gcc, r-devel-windows-x86_64