CRAN Package Check Results for Package TeachingDemos

Last updated on 2021-09-19 03:51:35 CEST.

Flavor Version Tinstall Tcheck Ttotal Status Flags
r-devel-linux-x86_64-debian-clang 2.12 14.21 89.87 104.08 NOTE
r-devel-linux-x86_64-debian-gcc 2.12 13.00 68.04 81.04 NOTE
r-devel-linux-x86_64-fedora-clang 2.12 143.27 NOTE
r-devel-linux-x86_64-fedora-gcc 2.12 123.41 NOTE
r-devel-windows-x86_64 2.12 18.00 98.00 116.00 OK
r-devel-windows-x86_64-gcc10-UCRT 2.12 ERROR
r-patched-linux-x86_64 2.12 14.36 85.93 100.29 NOTE
r-patched-solaris-x86 2.12 151.00 NOTE
r-release-linux-x86_64 2.12 12.27 86.91 99.18 NOTE
r-release-macos-arm64 2.12 NOTE
r-release-macos-x86_64 2.12 NOTE
r-release-windows-ix86+x86_64 2.12 24.00 104.00 128.00 OK
r-oldrel-macos-x86_64 2.12 NOTE
r-oldrel-windows-ix86+x86_64 2.12 24.00 112.00 136.00 OK

Check Details

Version: 2.12
Check: package dependencies
Result: NOTE
    Package suggested but not available for checking: 'R2wd'
Flavors: r-devel-linux-x86_64-debian-clang, r-devel-linux-x86_64-debian-gcc, r-devel-linux-x86_64-fedora-clang, r-devel-linux-x86_64-fedora-gcc, r-patched-linux-x86_64, r-patched-solaris-x86, r-release-linux-x86_64, r-release-macos-arm64, r-release-macos-x86_64, r-oldrel-macos-x86_64

Version: 2.12
Check: whether package can be installed
Result: WARN
    Found the following significant warnings:
     WARNING: installation-time patches will not be applied, could not get the patches index
Flavor: r-devel-windows-x86_64-gcc10-UCRT

Version: 2.12
Check: PDF version of manual
Result: WARN
    LaTeX errors when creating PDF version.
    This typically indicates Rd problems.
Flavor: r-devel-windows-x86_64-gcc10-UCRT

Version: 2.12
Check: PDF version of manual without hyperrefs or index
Result: ERROR
    Re-running with no redirection of stdout/stderr.
Flavor: r-devel-windows-x86_64-gcc10-UCRT