CRAN Package Check Results for Package TeachingDemos

Last updated on 2020-09-27 03:46:45 CEST.

Flavor Version Tinstall Tcheck Ttotal Status Flags
r-devel-linux-x86_64-debian-clang 2.12 13.93 87.64 101.57 NOTE
r-devel-linux-x86_64-debian-gcc 2.12 11.20 65.30 76.50 NOTE
r-devel-linux-x86_64-fedora-clang 2.12 129.54 NOTE
r-devel-linux-x86_64-fedora-gcc 2.12 119.42 NOTE
r-devel-windows-ix86+x86_64 2.12 23.00 106.00 129.00 OK
r-patched-linux-x86_64 2.12 13.74 81.34 95.08 NOTE
r-patched-solaris-x86 2.12 145.20 NOTE
r-release-linux-x86_64 2.12 14.25 81.39 95.64 NOTE
r-release-macos-x86_64 2.12 NOTE
r-release-windows-ix86+x86_64 2.12 22.00 114.00 136.00 OK
r-oldrel-macos-x86_64 2.12 FAIL
r-oldrel-windows-ix86+x86_64 2.12 70.00 158.00 228.00 OK

Check Details

Version: 2.12
Check: package dependencies
Result: NOTE
    Package suggested but not available for checking: 'R2wd'
Flavors: r-devel-linux-x86_64-debian-clang, r-devel-linux-x86_64-debian-gcc, r-devel-linux-x86_64-fedora-clang, r-devel-linux-x86_64-fedora-gcc, r-patched-linux-x86_64, r-patched-solaris-x86, r-release-linux-x86_64, r-release-macos-x86_64, r-oldrel-macos-x86_64

Version: 2.12
Check: dependencies in R code
Result: FAIL
Flavor: r-oldrel-macos-x86_64