Last updated on 2022-06-28 03:51:45 CEST.
Flavor | Version | Tinstall | Tcheck | Ttotal | Status | Flags |
---|---|---|---|---|---|---|
r-devel-linux-x86_64-debian-clang | 0.12.10 | 19.06 | 161.43 | 180.49 | OK | |
r-devel-linux-x86_64-debian-gcc | 0.12.10 | 16.76 | 121.81 | 138.57 | OK | |
r-devel-linux-x86_64-fedora-clang | 0.12.10 | 230.78 | WARN | |||
r-devel-linux-x86_64-fedora-gcc | 0.12.10 | 229.66 | WARN | |||
r-devel-windows-x86_64 | 0.12.10 | 29.00 | 216.00 | 245.00 | OK | |
r-patched-linux-x86_64 | 0.12.10 | 22.83 | 154.06 | 176.89 | OK | |
r-release-linux-x86_64 | 0.12.10 | 16.87 | 153.44 | 170.31 | OK | |
r-release-macos-arm64 | 0.12.10 | 68.00 | OK | |||
r-release-macos-x86_64 | 0.12.10 | 112.00 | NOTE | |||
r-release-windows-x86_64 | 0.12.10 | 28.00 | 192.00 | 220.00 | OK | |
r-oldrel-macos-arm64 | 0.12.10 | 73.00 | NOTE | |||
r-oldrel-macos-x86_64 | 0.12.10 | 88.00 | NOTE | |||
r-oldrel-windows-ix86+x86_64 | 0.12.10 | 41.00 | 162.00 | 203.00 | OK |
Version: 0.12.10
Check: package dependencies
Result: WARN
Package suggested but not available for checking: ‘dearseq’
Requires orphaned package: ‘gtools’
Flavors: r-devel-linux-x86_64-fedora-clang, r-devel-linux-x86_64-fedora-gcc
Version: 0.12.10
Check: Rd cross-references
Result: NOTE
Package unavailable to check Rd xrefs: ‘dearseq’
Flavors: r-devel-linux-x86_64-fedora-clang, r-devel-linux-x86_64-fedora-gcc, r-release-macos-x86_64, r-oldrel-macos-arm64, r-oldrel-macos-x86_64
Version: 0.12.10
Check: package dependencies
Result: NOTE
Package suggested but not available for checking: ‘dearseq’
Flavors: r-release-macos-x86_64, r-oldrel-macos-arm64, r-oldrel-macos-x86_64