CRAN Package Check Results for Package TSdist

Last updated on 2022-08-15 03:53:02 CEST.

Flavor Version Tinstall Tcheck Ttotal Status Flags
r-devel-linux-x86_64-debian-clang 3.7 13.88 126.77 140.65 NOTE
r-devel-linux-x86_64-debian-gcc 3.7 11.94 94.05 105.99 NOTE
r-devel-linux-x86_64-fedora-clang 3.7 188.06 OK
r-devel-linux-x86_64-fedora-gcc 3.7 188.57 NOTE
r-devel-windows-x86_64 3.7 40.00 314.00 354.00 OK
r-patched-linux-x86_64 3.7 15.38 130.65 146.03 OK
r-release-linux-x86_64 3.7 14.89 131.15 146.04 OK
r-release-macos-arm64 3.7 82.00 OK
r-release-macos-x86_64 3.7 155.00 OK
r-release-windows-x86_64 3.7 37.00 160.00 197.00 OK
r-oldrel-macos-arm64 3.7 130.00 OK
r-oldrel-macos-x86_64 3.7 117.00 OK
r-oldrel-windows-ix86+x86_64 3.7 41.00 204.00 245.00 OK

Check Details

Version: 3.7
Check: HTML version of manual
Result: NOTE
    Found the following math rendering problems:
    STSDistance.Rd:32: Got function '\sum' with no arguments as argument to '\sqrt' in STS= \sqrt \sum (((y_{k+1} - y_...
Flavors: r-devel-linux-x86_64-debian-clang, r-devel-linux-x86_64-debian-gcc, r-devel-linux-x86_64-fedora-gcc