CRAN Package Check Results for Package TSF

Last updated on 2024-07-14 15:55:03 CEST.

Flavor Version Tinstall Tcheck Ttotal Status Flags
r-devel-linux-x86_64-debian-clang 0.1.1 7.57 77.33 84.90 NOTE
r-devel-linux-x86_64-debian-gcc 0.1.1 6.16 57.84 64.00 NOTE
r-devel-linux-x86_64-fedora-clang 0.1.1 110.33 NOTE
r-devel-linux-x86_64-fedora-gcc 0.1.1 101.93 NOTE
r-devel-windows-x86_64 0.1.1 7.00 128.00 135.00 NOTE
r-patched-linux-x86_64 0.1.1 5.44 73.43 78.87 NOTE
r-release-linux-x86_64 0.1.1 7.50 74.52 82.02 NOTE
r-release-macos-arm64 0.1.1 34.00 NOTE
r-release-macos-x86_64 0.1.1 54.00 NOTE
r-release-windows-x86_64 0.1.1 7.00 81.00 88.00 NOTE
r-oldrel-macos-arm64 0.1.1 34.00 NOTE
r-oldrel-macos-x86_64 0.1.1 52.00 NOTE
r-oldrel-windows-x86_64 0.1.1 9.00 90.00 99.00 NOTE

Check Details

Version: 0.1.1
Check: LazyData
Result: NOTE 'LazyData' is specified without a 'data' directory Flavors: r-devel-linux-x86_64-debian-clang, r-devel-linux-x86_64-debian-gcc, r-devel-linux-x86_64-fedora-clang, r-devel-linux-x86_64-fedora-gcc, r-devel-windows-x86_64, r-patched-linux-x86_64, r-release-linux-x86_64, r-release-macos-arm64, r-release-macos-x86_64, r-release-windows-x86_64, r-oldrel-macos-arm64, r-oldrel-macos-x86_64, r-oldrel-windows-x86_64