CRAN Package Check Results for Package TBRDist

Last updated on 2020-09-22 16:02:42 CEST.

Flavor Version Tinstall Tcheck Ttotal Status Flags
r-devel-linux-x86_64-debian-clang 1.0.2 49.02 98.24 147.26 OK
r-devel-linux-x86_64-debian-gcc 1.0.2 36.60 78.61 115.21 OK
r-devel-linux-x86_64-fedora-clang 1.0.2 210.36 WARN
r-devel-linux-x86_64-fedora-gcc 1.0.2 189.38 OK
r-devel-windows-ix86+x86_64 1.0.2 103.00 174.00 277.00 OK
r-patched-linux-x86_64 1.0.2 41.94 99.08 141.02 OK
r-patched-solaris-x86 1.0.2 254.80 OK
r-release-linux-x86_64 1.0.2 40.92 97.73 138.65 OK
r-release-macos-x86_64 1.0.2 NOTE
r-release-windows-ix86+x86_64 1.0.2 84.00 175.00 259.00 OK
r-oldrel-macos-x86_64 1.0.2 NOTE
r-oldrel-windows-ix86+x86_64 1.0.1 69.00 183.00 252.00 OK

Check Details

Version: 1.0.2
Check: package dependencies
Result: WARN
    Requires (indirectly) orphaned package: ‘bibtex’
Flavor: r-devel-linux-x86_64-fedora-clang

Version: 1.0.2
Check: installed package size
Result: NOTE
     installed size is 5.7Mb
     sub-directories of 1Mb or more:
     libs 5.5Mb
Flavors: r-devel-linux-x86_64-fedora-clang, r-release-macos-x86_64, r-oldrel-macos-x86_64