CRAN Package Check Results for Package TBRDist

Last updated on 2022-12-08 04:06:44 CET.

Flavor Version Tinstall Tcheck Ttotal Status Flags
r-devel-linux-x86_64-debian-clang 1.0.2 46.64 135.23 181.87 NOTE
r-devel-linux-x86_64-debian-gcc 1.0.2 40.17 104.49 144.66 NOTE
r-devel-linux-x86_64-fedora-clang 1.0.2 249.62 NOTE
r-devel-linux-x86_64-fedora-gcc 1.0.2 255.31 NOTE
r-devel-windows-x86_64 1.0.2 48.00 219.00 267.00 NOTE
r-patched-linux-x86_64 1.0.2 45.97 131.55 177.52 NOTE
r-release-linux-x86_64 1.0.2 45.79 130.69 176.48 NOTE
r-release-macos-arm64 1.0.2 73.00 NOTE
r-release-macos-x86_64 1.0.2 123.00 NOTE
r-release-windows-x86_64 1.0.2 49.00 214.00 263.00 NOTE
r-oldrel-macos-arm64 1.0.2 80.00 NOTE
r-oldrel-macos-x86_64 1.0.2 127.00 NOTE
r-oldrel-windows-ix86+x86_64 1.0.2 117.00 321.00 438.00 NOTE

Check Details

Version: 1.0.2
Check: LazyData
Result: NOTE
     'LazyData' is specified without a 'data' directory
Flavors: r-devel-linux-x86_64-debian-clang, r-devel-linux-x86_64-debian-gcc, r-devel-linux-x86_64-fedora-clang, r-devel-linux-x86_64-fedora-gcc, r-devel-windows-x86_64, r-patched-linux-x86_64, r-release-linux-x86_64, r-release-macos-arm64, r-release-macos-x86_64, r-release-windows-x86_64, r-oldrel-macos-arm64, r-oldrel-macos-x86_64, r-oldrel-windows-ix86+x86_64

Version: 1.0.2
Check: installed package size
Result: NOTE
     installed size is 5.0Mb
     sub-directories of 1Mb or more:
     libs 4.9Mb
Flavors: r-release-macos-arm64, r-release-macos-x86_64, r-oldrel-macos-arm64, r-oldrel-macos-x86_64