Last updated on 2023-02-05 03:54:02 CET.
Flavor | Version | Tinstall | Tcheck | Ttotal | Status | Flags |
---|---|---|---|---|---|---|
r-devel-linux-x86_64-debian-clang | 0.1.0 | 5.43 | 171.60 | 177.03 | OK | |
r-devel-linux-x86_64-debian-gcc | 0.1.0 | 4.26 | 131.41 | 135.67 | OK | |
r-devel-linux-x86_64-fedora-clang | 0.1.0 | 218.08 | NOTE | |||
r-devel-linux-x86_64-fedora-gcc | 0.1.0 | 223.55 | NOTE | |||
r-devel-windows-x86_64 | 0.1.0 | 18.00 | 246.00 | 264.00 | OK | |
r-patched-linux-x86_64 | 0.1.0 | 5.48 | 168.16 | 173.64 | OK | |
r-release-linux-x86_64 | 0.1.0 | 4.72 | 159.59 | 164.31 | OK | |
r-release-macos-arm64 | 0.1.0 | 97.00 | NOTE | |||
r-release-macos-x86_64 | 0.1.0 | 98.00 | NOTE | |||
r-release-windows-x86_64 | 0.1.0 | 26.00 | 233.00 | 259.00 | OK | |
r-oldrel-macos-arm64 | 0.1.0 | 85.00 | NOTE | |||
r-oldrel-macos-x86_64 | 0.1.0 | 100.00 | NOTE | |||
r-oldrel-windows-ix86+x86_64 | 0.1.0 | 13.00 | 247.00 | 260.00 | OK |
Version: 0.1.0
Check: dependencies in R code
Result: NOTE
Namespaces in Imports field not imported from:
‘MASS’ ‘StackImpute’ ‘arm’ ‘boot’ ‘broom’ ‘knitr’ ‘mvtnorm’
‘randomForest’
All declared Imports should be used.
Flavors: r-devel-linux-x86_64-fedora-clang, r-devel-linux-x86_64-fedora-gcc, r-release-macos-arm64, r-release-macos-x86_64, r-oldrel-macos-arm64, r-oldrel-macos-x86_64