CRAN Package Check Results for Package SurvHiDim

Last updated on 2022-07-05 15:52:58 CEST.

Flavor Version Tinstall Tcheck Ttotal Status Flags
r-devel-linux-x86_64-debian-clang 0.1.1 19.99 156.42 176.41 OK
r-devel-linux-x86_64-debian-gcc 0.1.1 15.64 116.23 131.87 OK
r-devel-linux-x86_64-fedora-clang 0.1.1 225.72 NOTE
r-devel-linux-x86_64-fedora-gcc 0.1.1 223.84 NOTE
r-devel-windows-x86_64 0.1.1 27.00 177.00 204.00 OK
r-patched-linux-x86_64 0.1.1 16.78 147.68 164.46 OK
r-release-linux-x86_64 0.1.1 17.18 145.93 163.11 OK
r-release-macos-arm64 0.1.1 57.00 NOTE
r-release-macos-x86_64 0.1.1 97.00 NOTE
r-release-windows-x86_64 0.1.1 30.00 185.00 215.00 OK
r-oldrel-macos-arm64 0.1.1 64.00 NOTE
r-oldrel-macos-x86_64 0.1.1 70.00 NOTE
r-oldrel-windows-ix86+x86_64 0.1.1 42.00 178.00 220.00 OK

Check Details

Version: 0.1.1
Check: dependencies in R code
Result: NOTE
    Namespace in Imports field not imported from: ‘readr’
     All declared Imports should be used.
Flavors: r-devel-linux-x86_64-fedora-clang, r-devel-linux-x86_64-fedora-gcc, r-release-macos-arm64, r-release-macos-x86_64, r-oldrel-macos-arm64, r-oldrel-macos-x86_64