CRAN Package Check Results for Package SurvCorr

Last updated on 2020-10-26 03:48:36 CET.

Flavor Version Tinstall Tcheck Ttotal Status Flags
r-devel-linux-x86_64-debian-clang 1.0 8.31 84.38 92.69 NOTE
r-devel-linux-x86_64-debian-gcc 1.0 7.30 63.45 70.75 NOTE
r-devel-linux-x86_64-fedora-clang 1.0 120.07 NOTE
r-devel-linux-x86_64-fedora-gcc 1.0 111.46 NOTE
r-devel-windows-ix86+x86_64 1.0 20.00 107.00 127.00 NOTE
r-patched-linux-x86_64 1.0 8.49 79.49 87.98 NOTE
r-patched-solaris-x86 1.0 159.10 NOTE
r-release-linux-x86_64 1.0 8.16 78.73 86.89 NOTE
r-release-macos-x86_64 1.0 NOTE
r-release-windows-ix86+x86_64 1.0 15.00 80.00 95.00 NOTE
r-oldrel-macos-x86_64 1.0 NOTE
r-oldrel-windows-ix86+x86_64 1.0 17.00 72.00 89.00 NOTE

Check Details

Version: 1.0
Check: R code for possible problems
Result: NOTE
    pearson: no visible global function definition for 'cor'
    plot.survcorr: no visible global function definition for 'pnorm'
    plot.survcorr: no visible global function definition for 'par'
    plot.survcorr: no visible global function definition for 'points'
    survcorr: no visible global function definition for 'model.frame'
    survcorr: no visible global function definition for 'qnorm'
    survcorr: no visible global function definition for 'runif'
    survcorr: no visible global function definition for 'pnorm'
    survcorr: no visible global function definition for 'var'
    survcorr: no visible global function definition for 'qt'
    Undefined global functions or variables:
     cor model.frame par pnorm points qnorm qt runif var
    Consider adding
     importFrom("graphics", "par", "points")
     importFrom("stats", "cor", "model.frame", "pnorm", "qnorm", "qt",
     "runif", "var")
    to your NAMESPACE file.
Flavors: r-devel-linux-x86_64-debian-clang, r-devel-linux-x86_64-debian-gcc, r-devel-linux-x86_64-fedora-clang, r-devel-linux-x86_64-fedora-gcc, r-devel-windows-ix86+x86_64, r-patched-linux-x86_64, r-patched-solaris-x86, r-release-linux-x86_64, r-release-macos-x86_64, r-release-windows-ix86+x86_64

Version: 1.0
Check: R code for possible problems
Result: NOTE
    pearson: no visible global function definition for ‘cor’
    plot.survcorr: no visible global function definition for ‘pnorm’
    plot.survcorr: no visible global function definition for ‘par’
    plot.survcorr: no visible global function definition for ‘plot’
    plot.survcorr: no visible global function definition for ‘points’
    survcorr: no visible global function definition for ‘model.frame’
    survcorr: no visible global function definition for ‘qnorm’
    survcorr: no visible global function definition for ‘runif’
    survcorr: no visible global function definition for ‘pnorm’
    survcorr: no visible global function definition for ‘var’
    survcorr: no visible global function definition for ‘qt’
    Undefined global functions or variables:
     cor model.frame par plot pnorm points qnorm qt runif var
    Consider adding
     importFrom("graphics", "par", "plot", "points")
     importFrom("stats", "cor", "model.frame", "pnorm", "qnorm", "qt",
     "runif", "var")
    to your NAMESPACE file.
Flavors: r-oldrel-macos-x86_64, r-oldrel-windows-ix86+x86_64