CRAN Package Check Results for Package SurfaceTortoise

Last updated on 2023-02-05 15:55:29 CET.

Flavor Version Tinstall Tcheck Ttotal Status Flags
r-devel-linux-x86_64-debian-clang 1.0.2 30.18 276.22 306.40 NOTE
r-devel-linux-x86_64-debian-gcc 1.0.2 23.68 202.92 226.60 NOTE
r-devel-linux-x86_64-fedora-clang 1.0.2 376.72 NOTE
r-devel-linux-x86_64-fedora-gcc 1.0.2 370.63 NOTE
r-devel-windows-x86_64 1.0.2 28.00 280.00 308.00 NOTE
r-patched-linux-x86_64 1.0.2 31.87 274.91 306.78 NOTE
r-release-linux-x86_64 1.0.2 25.04 274.58 299.62 NOTE
r-release-macos-arm64 1.0.2 73.00 NOTE
r-release-macos-x86_64 1.0.2 104.00 NOTE
r-release-windows-x86_64 1.0.2 43.00 278.00 321.00 NOTE
r-oldrel-macos-arm64 1.0.2 40.00 NOTE
r-oldrel-macos-x86_64 1.0.2 70.00 NOTE
r-oldrel-windows-ix86+x86_64 1.0.2 65.00 275.00 340.00 NOTE

Check Details

Version: 1.0.2
Check: LazyData
Result: NOTE
     'LazyData' is specified without a 'data' directory
Flavors: r-devel-linux-x86_64-debian-clang, r-devel-linux-x86_64-debian-gcc, r-devel-linux-x86_64-fedora-clang, r-devel-linux-x86_64-fedora-gcc, r-devel-windows-x86_64, r-patched-linux-x86_64, r-release-linux-x86_64, r-release-macos-arm64, r-release-macos-x86_64, r-release-windows-x86_64, r-oldrel-macos-arm64, r-oldrel-macos-x86_64, r-oldrel-windows-ix86+x86_64