CRAN Package Check Results for Package SuperpixelImageSegmentation

Last updated on 2020-09-24 03:53:10 CEST.

Flavor Version Tinstall Tcheck Ttotal Status Flags
r-devel-linux-x86_64-debian-clang 1.0.2 58.57 37.64 96.21 OK
r-devel-linux-x86_64-debian-gcc 1.0.2 52.69 31.30 83.99 OK
r-devel-linux-x86_64-fedora-clang 1.0.2 144.32 NOTE
r-devel-linux-x86_64-fedora-gcc 1.0.2 138.11 OK
r-devel-windows-ix86+x86_64 1.0.2 136.00 107.00 243.00 OK
r-patched-linux-x86_64 1.0.2 48.54 35.80 84.34 OK
r-patched-solaris-x86 1.0.2 129.30 OK
r-release-linux-x86_64 1.0.2 55.62 35.53 91.15 OK
r-release-macos-x86_64 1.0.2 NOTE
r-release-windows-ix86+x86_64 1.0.2 134.00 103.00 237.00 OK
r-oldrel-macos-x86_64 1.0.2 NOTE
r-oldrel-windows-ix86+x86_64 1.0.2 91.00 69.00 160.00 OK

Check Details

Version: 1.0.2
Check: installed package size
Result: NOTE
     installed size is 6.0Mb
     sub-directories of 1Mb or more:
     libs 5.7Mb
Flavors: r-devel-linux-x86_64-fedora-clang, r-release-macos-x86_64, r-oldrel-macos-x86_64