CRAN Package Check Results for Package SubgrpID

Last updated on 2020-09-22 03:49:42 CEST.

Flavor Version Tinstall Tcheck Ttotal Status Flags
r-devel-linux-x86_64-debian-clang 0.11 14.49 101.40 115.89 OK
r-devel-linux-x86_64-debian-gcc 0.11 0.31 2.31 2.62 ERROR
r-devel-linux-x86_64-fedora-clang 0.11 153.27 OK
r-devel-linux-x86_64-fedora-gcc 0.11 145.10 OK
r-devel-windows-ix86+x86_64 0.11 31.00 104.00 135.00 OK
r-patched-linux-x86_64 0.11 15.00 99.00 114.00 OK
r-patched-solaris-x86 0.11 189.00 OK
r-release-linux-x86_64 0.11 14.38 97.75 112.13 OK
r-release-macos-x86_64 0.11 OK
r-release-windows-ix86+x86_64 0.11 31.00 130.00 161.00 OK
r-oldrel-macos-x86_64 0.11 OK
r-oldrel-windows-ix86+x86_64 0.11 18.00 107.00 125.00 OK

Check Details

Version: 0.11
Check: whether package can be installed
Result: ERROR
    Installation failed.
Flavor: r-devel-linux-x86_64-debian-gcc