Last updated on 2023-02-08 04:07:17 CET.
Flavor | Version | Tinstall | Tcheck | Ttotal | Status | Flags |
---|---|---|---|---|---|---|
r-devel-linux-x86_64-debian-clang | 0.1.3 | 37.98 | 329.58 | 367.56 | OK | |
r-devel-linux-x86_64-debian-gcc | 0.1.3 | 26.69 | 236.10 | 262.79 | OK | |
r-devel-linux-x86_64-fedora-clang | 0.1.3 | 447.69 | NOTE | |||
r-devel-linux-x86_64-fedora-gcc | 0.1.3 | 440.91 | NOTE | |||
r-devel-windows-x86_64 | 0.1.3 | 66.00 | 667.00 | 733.00 | OK | |
r-patched-linux-x86_64 | 0.1.3 | 30.34 | 306.75 | 337.09 | OK | |
r-release-linux-x86_64 | 0.1.3 | 27.23 | 298.55 | 325.78 | OK | |
r-release-macos-arm64 | 0.1.3 | 142.00 | NOTE | |||
r-release-macos-x86_64 | 0.1.3 | 184.00 | NOTE | |||
r-release-windows-x86_64 | 0.1.3 | 73.00 | 676.00 | 749.00 | OK | |
r-oldrel-macos-arm64 | 0.1.3 | 155.00 | NOTE | |||
r-oldrel-macos-x86_64 | 0.1.3 | 196.00 | NOTE | |||
r-oldrel-windows-ix86+x86_64 | 0.1.3 | 60.00 | 372.00 | 432.00 | OK |
Version: 0.1.3
Check: dependencies in R code
Result: NOTE
Namespaces in Imports field not imported from:
‘UpSetR’ ‘alluvial’ ‘gridBase’
All declared Imports should be used.
Flavors: r-devel-linux-x86_64-fedora-clang, r-devel-linux-x86_64-fedora-gcc, r-release-macos-arm64, r-release-macos-x86_64, r-oldrel-macos-arm64, r-oldrel-macos-x86_64