Last updated on 2022-06-27 03:51:26 CEST.
Flavor | Version | Tinstall | Tcheck | Ttotal | Status | Flags |
---|---|---|---|---|---|---|
r-devel-linux-x86_64-debian-clang | 0.1.3 | 36.19 | 349.34 | 385.53 | OK | |
r-devel-linux-x86_64-debian-gcc | 0.1.3 | 27.91 | 255.47 | 283.38 | OK | |
r-devel-linux-x86_64-fedora-clang | 0.1.3 | 450.93 | NOTE | |||
r-devel-linux-x86_64-fedora-gcc | 0.1.3 | 454.19 | NOTE | |||
r-devel-windows-x86_64 | 0.1.3 | 75.00 | 472.00 | 547.00 | OK | |
r-patched-linux-x86_64 | 0.1.3 | 30.54 | 329.22 | 359.76 | OK | |
r-release-linux-x86_64 | 0.1.3 | 26.76 | 320.75 | 347.51 | OK | |
r-release-macos-arm64 | 0.1.3 | 142.00 | NOTE | |||
r-release-macos-x86_64 | 0.1.3 | 184.00 | NOTE | |||
r-release-windows-x86_64 | 0.1.3 | 81.00 | 588.00 | 669.00 | OK | |
r-oldrel-macos-arm64 | 0.1.3 | 155.00 | NOTE | |||
r-oldrel-macos-x86_64 | 0.1.3 | 196.00 | NOTE | |||
r-oldrel-windows-ix86+x86_64 | 0.1.3 | 62.00 | 570.00 | 632.00 | OK |
Version: 0.1.3
Check: dependencies in R code
Result: NOTE
Namespaces in Imports field not imported from:
‘UpSetR’ ‘alluvial’ ‘gridBase’
All declared Imports should be used.
Flavors: r-devel-linux-x86_64-fedora-clang, r-devel-linux-x86_64-fedora-gcc, r-release-macos-arm64, r-release-macos-x86_64, r-oldrel-macos-arm64, r-oldrel-macos-x86_64