CRAN Package Check Results for Package StressStrength

Last updated on 2020-09-22 03:49:42 CEST.

Flavor Version Tinstall Tcheck Ttotal Status Flags
r-devel-linux-x86_64-debian-clang 1.0.2 2.38 19.55 21.93 OK
r-devel-linux-x86_64-debian-gcc 1.0.2 0.21 1.71 1.92 ERROR
r-devel-linux-x86_64-fedora-clang 1.0.2 35.75 OK
r-devel-linux-x86_64-fedora-gcc 1.0.2 26.62 OK
r-devel-windows-ix86+x86_64 1.0.2 5.00 28.00 33.00 OK
r-patched-linux-x86_64 1.0.2 2.02 19.65 21.67 OK
r-patched-solaris-x86 1.0.2 42.20 OK
r-release-linux-x86_64 1.0.2 2.10 19.52 21.62 OK
r-release-macos-x86_64 1.0.2 OK
r-release-windows-ix86+x86_64 1.0.2 5.00 29.00 34.00 OK
r-oldrel-macos-x86_64 1.0.2 OK
r-oldrel-windows-ix86+x86_64 1.0.2 5.00 37.00 42.00 OK

Check Details

Version: 1.0.2
Check: whether package can be installed
Result: ERROR
    Installation failed.
Flavor: r-devel-linux-x86_64-debian-gcc