CRAN Package Check Results for Package StratigrapheR

Last updated on 2020-11-25 15:52:10 CET.

Flavor Version Tinstall Tcheck Ttotal Status Flags
r-devel-linux-x86_64-debian-clang 1.1.1 12.97 93.14 106.11 OK
r-devel-linux-x86_64-debian-gcc 1.1.1 12.09 72.41 84.50 OK
r-devel-linux-x86_64-fedora-clang 1.1.1 134.76 OK
r-devel-linux-x86_64-fedora-gcc 1.1.1 126.61 OK
r-devel-windows-ix86+x86_64 1.1.1 25.00 119.00 144.00 OK
r-patched-linux-x86_64 1.1.1 12.44 86.52 98.96 OK
r-patched-solaris-x86 1.1.1 169.40 OK
r-release-linux-x86_64 1.1.1 12.25 87.85 100.10 OK
r-release-macos-x86_64 1.1.1 OK
r-release-windows-ix86+x86_64 1.1.1 25.00 142.00 167.00 OK
r-oldrel-macos-x86_64 1.1.1 ERROR
r-oldrel-windows-ix86+x86_64 1.1.0 21.00 81.00 102.00 OK

Check Details

Version: 1.1.1
Check: whether package can be installed
Result: ERROR
    Installation failed.
Flavor: r-oldrel-macos-x86_64