CRAN Package Check Results for Package StereoMorph

Last updated on 2021-09-19 03:51:34 CEST.

Flavor Version Tinstall Tcheck Ttotal Status Flags
r-devel-linux-x86_64-debian-clang 1.6.4 103.66 97.89 201.55 OK
r-devel-linux-x86_64-debian-gcc 1.6.4 61.12 72.40 133.52 OK
r-devel-linux-x86_64-fedora-clang 1.6.4 279.71 OK
r-devel-linux-x86_64-fedora-gcc 1.6.4 240.25 OK
r-devel-windows-x86_64 1.6.4 99.00 125.00 224.00 OK
r-devel-windows-x86_64-gcc10-UCRT 1.6.4 ERROR
r-patched-linux-x86_64 1.6.4 74.91 93.89 168.80 OK
r-patched-solaris-x86 1.6.4 251.30 OK
r-release-linux-x86_64 1.6.4 79.29 94.06 173.35 OK
r-release-macos-arm64 1.6.4 OK
r-release-macos-x86_64 1.6.4 OK
r-release-windows-ix86+x86_64 1.6.4 220.00 156.00 376.00 OK
r-oldrel-macos-x86_64 1.6.4 OK
r-oldrel-windows-ix86+x86_64 1.6.4 227.00 116.00 343.00 OK

Check Details

Version: 1.6.4
Check: whether package can be installed
Result: ERROR
    Installation failed.
Flavor: r-devel-windows-x86_64-gcc10-UCRT