CRAN Package Check Results for Package StanMoMo

Last updated on 2022-06-25 15:51:33 CEST.

Flavor Version Tinstall Tcheck Ttotal Status Flags
r-devel-linux-x86_64-debian-clang 1.0.0 591.59 191.34 782.93 ERROR
r-devel-linux-x86_64-debian-gcc 1.1.0 535.90 167.39 703.29 NOTE
r-devel-linux-x86_64-fedora-clang 1.1.0 956.57 NOTE
r-devel-linux-x86_64-fedora-gcc 1.1.0 1034.07 NOTE
r-devel-windows-x86_64 1.0.0 416.00 283.00 699.00 ERROR
r-patched-linux-x86_64 1.0.0 443.11 217.43 660.54 ERROR
r-release-linux-x86_64 1.0.0 442.18 216.59 658.77 ERROR
r-release-macos-arm64 1.1.0 225.00 NOTE
r-release-macos-x86_64 1.1.0 360.00 NOTE
r-release-windows-x86_64 1.0.0 371.00 363.00 734.00 ERROR
r-oldrel-macos-arm64 1.1.0 196.00 NOTE
r-oldrel-macos-x86_64 1.1.0 359.00 NOTE
r-oldrel-windows-ix86+x86_64 1.1.0 840.00 383.00 1223.00 NOTE

Check Details

Version: 1.0.0
Check: for GNU extensions in Makefiles
Result: NOTE
    GNU make is a SystemRequirements.
Flavors: r-devel-linux-x86_64-debian-clang, r-devel-windows-x86_64, r-patched-linux-x86_64, r-release-linux-x86_64, r-release-windows-x86_64

Version: 1.0.0
Check: examples
Result: ERROR
    Running examples in 'StanMoMo-Ex.R' failed
    The error most likely occurred in:
    
    > base::assign(".ptime", proc.time(), pos = "CheckExEnv")
    > ### Name: load_HMD_data
    > ### Title: Download mortality data from the Human Mortality Database.
    > ### Aliases: load_HMD_data
    >
    > ### ** Examples
    >
    >
    >
    > death_fra <- load_HMD_data('FRATNP', 'Deaths_1x1', 1970:2017, 50:90, "Male")
    Error in textConnection(text, encoding = "UTF-8") :
     invalid 'text' argument
    Calls: load_HMD_data -> <Anonymous> -> textConnection
    Execution halted
Flavors: r-devel-linux-x86_64-debian-clang, r-patched-linux-x86_64, r-release-linux-x86_64

Version: 1.1.0
Check: for GNU extensions in Makefiles
Result: NOTE
    GNU make is a SystemRequirements.
Flavors: r-devel-linux-x86_64-debian-gcc, r-devel-linux-x86_64-fedora-clang, r-devel-linux-x86_64-fedora-gcc, r-release-macos-arm64, r-release-macos-x86_64, r-oldrel-macos-arm64, r-oldrel-macos-x86_64, r-oldrel-windows-ix86+x86_64

Version: 1.1.0
Check: installed package size
Result: NOTE
     installed size is 58.8Mb
     sub-directories of 1Mb or more:
     libs 57.9Mb
Flavors: r-devel-linux-x86_64-fedora-clang, r-release-macos-arm64, r-release-macos-x86_64, r-oldrel-macos-arm64, r-oldrel-macos-x86_64, r-oldrel-windows-ix86+x86_64

Version: 1.1.0
Check: dependencies in R code
Result: NOTE
    Namespaces in Imports field not imported from:
     ‘RcppParallel’ ‘httr’ ‘latex2exp’ ‘rstantools’ ‘tibble’ ‘tidyverse’
     ‘utils’
     All declared Imports should be used.
Flavors: r-devel-linux-x86_64-fedora-clang, r-devel-linux-x86_64-fedora-gcc, r-release-macos-arm64, r-release-macos-x86_64, r-oldrel-macos-arm64, r-oldrel-macos-x86_64

Version: 1.0.0
Check: installed package size
Result: NOTE
     installed size is 5.6Mb
     sub-directories of 1Mb or more:
     libs 4.8Mb
Flavors: r-devel-windows-x86_64, r-release-windows-x86_64

Version: 1.0.0
Check: examples
Result: ERROR
    Running examples in 'StanMoMo-Ex.R' failed
    The error most likely occurred in:
    
    > ### Name: load_HMD_data
    > ### Title: Download mortality data from the Human Mortality Database.
    > ### Aliases: load_HMD_data
    >
    > ### ** Examples
    >
    >
    >
    > death_fra <- load_HMD_data('FRATNP', 'Deaths_1x1', 1970:2017, 50:90, "Male")
    Error in textConnection(text, encoding = "UTF-8") :
     invalid 'text' argument
    Calls: load_HMD_data -> <Anonymous> -> textConnection
    Execution halted
Flavors: r-devel-windows-x86_64, r-release-windows-x86_64