CRAN Package Check Results for Package StableEstim

Last updated on 2020-09-22 03:49:42 CEST.

Flavor Version Tinstall Tcheck Ttotal Status Flags
r-devel-linux-x86_64-debian-clang 2.1 12.47 99.23 111.70 OK
r-devel-linux-x86_64-debian-gcc 2.1 0.32 2.13 2.45 ERROR
r-devel-linux-x86_64-fedora-clang 2.1 151.02 OK
r-devel-linux-x86_64-fedora-gcc 2.1 140.64 OK
r-devel-windows-ix86+x86_64 2.1 29.00 105.00 134.00 OK
r-patched-linux-x86_64 2.1 12.97 97.22 110.19 OK
r-patched-solaris-x86 2.1 191.60 OK
r-release-linux-x86_64 2.1 13.03 96.53 109.56 OK
r-release-macos-x86_64 2.1 OK
r-release-windows-ix86+x86_64 2.1 29.00 132.00 161.00 OK
r-oldrel-macos-x86_64 2.1 OK
r-oldrel-windows-ix86+x86_64 2.1 18.00 105.00 123.00 OK

Check Details

Version: 2.1
Check: whether package can be installed
Result: ERROR
    Installation failed.
Flavor: r-devel-linux-x86_64-debian-gcc