Last updated on 2022-06-30 03:53:36 CEST.
Flavor | Version | Tinstall | Tcheck | Ttotal | Status | Flags |
---|---|---|---|---|---|---|
r-devel-linux-x86_64-debian-clang | 2.1 | 14.10 | 120.82 | 134.92 | NOTE | |
r-devel-linux-x86_64-debian-gcc | 2.1 | 12.92 | 91.86 | 104.78 | NOTE | |
r-devel-linux-x86_64-fedora-clang | 2.1 | 173.14 | NOTE | |||
r-devel-linux-x86_64-fedora-gcc | 2.1 | 173.78 | NOTE | |||
r-devel-windows-x86_64 | 2.1 | 114.00 | 141.00 | 255.00 | NOTE | |
r-patched-linux-x86_64 | 2.1 | 10.36 | 116.97 | 127.33 | OK | |
r-release-linux-x86_64 | 2.1 | 10.79 | 117.35 | 128.14 | OK | |
r-release-macos-arm64 | 2.1 | 46.00 | OK | |||
r-release-macos-x86_64 | 2.1 | 78.00 | OK | |||
r-release-windows-x86_64 | 2.1 | 74.00 | 139.00 | 213.00 | OK | |
r-oldrel-macos-arm64 | 2.1 | 55.00 | OK | |||
r-oldrel-macos-x86_64 | 2.1 | 87.00 | OK | |||
r-oldrel-windows-ix86+x86_64 | 2.1 | 32.00 | 135.00 | 167.00 | OK |
Version: 2.1
Check: Rd files
Result: NOTE
checkRd: (-1) CF.Rd:36: Escaped LaTeX specials: \$ \$
checkRd: (-1) FirstRoot.Rd:50: Escaped LaTeX specials: \&
checkRd: (-1) GMMParametersEstim.Rd:179: Escaped LaTeX specials: \&
checkRd: (-1) StableEstim-package.Rd:85: Escaped LaTeX specials: \$ \$
checkRd: (-1) StableEstim-package.Rd:93: Escaped LaTeX specials: \&
Flavors: r-devel-linux-x86_64-debian-clang, r-devel-linux-x86_64-debian-gcc, r-devel-linux-x86_64-fedora-clang, r-devel-linux-x86_64-fedora-gcc, r-devel-windows-x86_64