CRAN Package Check Results for Package StMoMo

Last updated on 2024-06-21 15:53:04 CEST.

Flavor Version Tinstall Tcheck Ttotal Status Flags
r-devel-linux-x86_64-debian-clang 0.4.1 21.45 231.19 252.64 OK
r-devel-linux-x86_64-debian-gcc 0.4.1 13.75 165.93 179.68 OK
r-devel-linux-x86_64-fedora-clang 0.4.1 307.11 OK
r-devel-linux-x86_64-fedora-gcc 0.4.1 316.33 OK
r-devel-windows-x86_64 0.4.1 17.00 305.00 322.00 OK
r-patched-linux-x86_64 0.4.1 18.90 213.15 232.05 OK
r-release-linux-x86_64 0.4.1 15.95 214.72 230.67 OK
r-release-macos-arm64 0.4.1 97.00 OK
r-release-macos-x86_64 0.4.1 151.00 OK
r-release-windows-x86_64 0.4.1 17.00 216.00 233.00 OK
r-oldrel-macos-arm64 0.4.1 115.00 OK
r-oldrel-macos-x86_64 0.4.1 173.00 NOTE
r-oldrel-windows-x86_64 0.4.1 21.00 344.00 365.00 OK

Check Details

Version: 0.4.1
Check: re-building of vignette outputs
Result: NOTE Error(s) in re-building vignettes: ... --- re-building ‘StMoMoVignette.Rnw’ using Sweave Loading required package: gnm Loading required package: forecast Error: processing vignette 'StMoMoVignette.Rnw' failed with diagnostics: Running 'texi2dvi' on 'StMoMoVignette.tex' failed. LaTeX errors: ! LaTeX Error: File `ctable.sty' not found. Type X to quit or <RETURN> to proceed, or enter new name. (Default extension: sty) ! Emergency stop. <read *> l.7 \usepackage [caption = false]{subfig}^^M ! ==> Fatal error occurred, no output PDF file produced! --- failed re-building 'StMoMoVignette.Rnw' SUMMARY: processing the following file failed: 'StMoMoVignette.Rnw' Error: Vignette re-building failed. Execution halted Flavor: r-oldrel-macos-x86_64