Last updated on 2022-06-27 15:53:55 CEST.
Flavor | Version | Tinstall | Tcheck | Ttotal | Status | Flags |
---|---|---|---|---|---|---|
r-devel-linux-x86_64-debian-clang | 0.9 | 35.98 | 286.50 | 322.48 | NOTE | |
r-devel-linux-x86_64-debian-gcc | 0.9 | 25.09 | 209.01 | 234.10 | NOTE | |
r-devel-linux-x86_64-fedora-clang | 0.9 | 380.80 | NOTE | |||
r-devel-linux-x86_64-fedora-gcc | 0.9 | 382.96 | NOTE | |||
r-devel-windows-x86_64 | 0.9 | 130.00 | 322.00 | 452.00 | NOTE | |
r-patched-linux-x86_64 | 0.9 | 39.61 | 267.96 | 307.57 | OK | |
r-release-linux-x86_64 | 0.9 | 22.84 | 265.02 | 287.86 | OK | |
r-release-macos-arm64 | 0.9 | 103.00 | OK | |||
r-release-macos-x86_64 | 0.9 | 174.00 | OK | |||
r-release-windows-x86_64 | 0.9 | 111.00 | 301.00 | 412.00 | OK | |
r-oldrel-macos-arm64 | 0.9 | 65.00 | OK | |||
r-oldrel-macos-x86_64 | 0.9 | 124.00 | OK | |||
r-oldrel-windows-ix86+x86_64 | 0.9 | 67.00 | 312.00 | 379.00 | OK |
Version: 0.9
Check: Rd files
Result: NOTE
checkRd: (-1) hoods2d.Rd:82: Escaped LaTeX specials: \&
Flavors: r-devel-linux-x86_64-debian-clang, r-devel-linux-x86_64-debian-gcc, r-devel-linux-x86_64-fedora-clang, r-devel-linux-x86_64-fedora-gcc, r-devel-windows-x86_64