Last updated on 2022-07-03 03:50:08 CEST.
Flavor | Version | Tinstall | Tcheck | Ttotal | Status | Flags |
---|---|---|---|---|---|---|
r-devel-linux-x86_64-debian-clang | 2.1-1 | 12.50 | 96.59 | 109.09 | OK | |
r-devel-linux-x86_64-debian-gcc | 2.1-1 | 6.31 | 74.18 | 80.49 | OK | |
r-devel-linux-x86_64-fedora-clang | 2.1-1 | 138.32 | NOTE | |||
r-devel-linux-x86_64-fedora-gcc | 2.1-1 | 140.33 | NOTE | |||
r-devel-windows-x86_64 | 2.1-1 | 29.00 | 127.00 | 156.00 | OK | |
r-patched-linux-x86_64 | 2.1-1 | 10.41 | 93.60 | 104.01 | OK | |
r-release-linux-x86_64 | 2.1-1 | 9.39 | 94.16 | 103.55 | OK | |
r-release-macos-arm64 | 2.1-1 | 39.00 | NOTE | |||
r-release-macos-x86_64 | 2.1-1 | 74.00 | NOTE | |||
r-release-windows-x86_64 | 2.1-1 | 19.00 | 129.00 | 148.00 | OK | |
r-oldrel-macos-arm64 | 2.1-1 | 32.00 | NOTE | |||
r-oldrel-macos-x86_64 | 2.1-1 | 52.00 | NOTE | |||
r-oldrel-windows-ix86+x86_64 | 2.1-1 | 22.00 | 119.00 | 141.00 | OK |
Version: 2.1-1
Check: dependencies in R code
Result: NOTE
Namespaces in Imports field not imported from:
‘spatstat.core’ ‘spatstat.linnet’
All declared Imports should be used.
Flavors: r-devel-linux-x86_64-fedora-clang, r-devel-linux-x86_64-fedora-gcc, r-release-macos-arm64, r-release-macos-x86_64, r-oldrel-macos-arm64, r-oldrel-macos-x86_64