CRAN Package Check Results for Package SparseTSCGM

Last updated on 2022-01-28 15:53:27 CET.

Flavor Version Tinstall Tcheck Ttotal Status Flags
r-devel-linux-x86_64-debian-clang 4.0 12.72 110.69 123.41 OK
r-devel-linux-x86_64-debian-gcc 4.0 10.28 84.72 95.00 OK
r-devel-linux-x86_64-fedora-clang 4.0 136.87 NOTE
r-devel-linux-x86_64-fedora-gcc 4.0 129.62 NOTE
r-devel-windows-x86_64-new-UL 4.0 31.00 131.00 162.00 OK
r-devel-windows-x86_64-new-TK 4.0 OK
r-patched-linux-x86_64 4.0 14.70 96.11 110.81 OK
r-release-linux-x86_64 4.0 10.06 96.71 106.77 OK
r-release-macos-arm64 4.0 OK
r-release-macos-x86_64 4.0 OK
r-release-windows-ix86+x86_64 4.0 24.00 169.00 193.00 OK
r-oldrel-macos-x86_64 4.0 OK
r-oldrel-windows-ix86+x86_64 4.0 23.00 159.00 182.00 OK

Check Details

Version: 4.0
Check: compiled code
Result: NOTE
    File ‘SparseTSCGM/libs/SparseTSCGM.so’:
     Found no calls to: ‘R_registerRoutines’, ‘R_useDynamicSymbols’
    
    It is good practice to register native routines and to disable symbol
    search.
    
    See ‘Writing portable packages’ in the ‘Writing R Extensions’ manual.
Flavors: r-devel-linux-x86_64-fedora-clang, r-devel-linux-x86_64-fedora-gcc