CRAN Package Check Results for Package SpaDES.addins

Last updated on 2020-09-22 16:02:41 CEST.

Flavor Version Tinstall Tcheck Ttotal Status Flags
r-devel-linux-x86_64-debian-clang 0.1.2 17.05 144.87 161.92 OK
r-devel-linux-x86_64-debian-gcc 0.1.2 15.71 107.96 123.67 OK
r-devel-linux-x86_64-fedora-clang 0.1.2 211.60 NOTE
r-devel-linux-x86_64-fedora-gcc 0.1.2 204.32 NOTE
r-devel-windows-ix86+x86_64 0.1.2 41.00 135.00 176.00 OK
r-patched-linux-x86_64 0.1.2 17.07 139.35 156.42 OK
r-patched-solaris-x86 0.1.2 292.30 NOTE
r-release-linux-x86_64 0.1.2 17.83 139.37 157.20 OK
r-release-macos-x86_64 0.1.2 NOTE
r-release-windows-ix86+x86_64 0.1.2 5.00 9.00 14.00 ERROR
r-oldrel-macos-x86_64 0.1.2 NOTE
r-oldrel-windows-ix86+x86_64 0.1.2 25.00 135.00 160.00 OK

Check Details

Version: 0.1.2
Check: dependencies in R code
Result: NOTE
    Namespaces in Imports field not imported from:
     ‘devtools’ ‘rstudioapi’
     All declared Imports should be used.
Flavors: r-devel-linux-x86_64-fedora-clang, r-devel-linux-x86_64-fedora-gcc, r-patched-solaris-x86, r-release-macos-x86_64, r-oldrel-macos-x86_64

Version: 0.1.2
Check: whether package can be installed
Result: ERROR
    Installation failed.
Flavor: r-release-windows-ix86+x86_64