Last updated on 2022-08-10 15:51:36 CEST.
Flavor | Version | Tinstall | Tcheck | Ttotal | Status | Flags |
---|---|---|---|---|---|---|
r-devel-linux-x86_64-debian-clang | 0.1.3 | 39.62 | 347.42 | 387.04 | OK | |
r-devel-linux-x86_64-debian-gcc | 0.1.3 | 32.02 | 253.48 | 285.50 | OK | |
r-devel-linux-x86_64-fedora-clang | 0.1.3 | 479.83 | NOTE | |||
r-devel-linux-x86_64-fedora-gcc | 0.1.3 | 477.95 | NOTE | |||
r-devel-windows-x86_64 | 0.1.3 | 42.00 | 331.00 | 373.00 | OK | |
r-patched-linux-x86_64 | 0.1.3 | 35.06 | 330.07 | 365.13 | OK | |
r-release-linux-x86_64 | 0.1.3 | OK | ||||
r-release-macos-arm64 | 0.1.3 | 91.00 | NOTE | |||
r-release-macos-x86_64 | 0.1.3 | 173.00 | NOTE | |||
r-release-windows-x86_64 | 0.1.3 | 53.00 | 339.00 | 392.00 | OK | |
r-oldrel-macos-arm64 | 0.1.3 | 59.00 | NOTE | |||
r-oldrel-macos-x86_64 | 0.1.3 | 73.00 | NOTE | |||
r-oldrel-windows-ix86+x86_64 | 0.1.3 | 89.00 | 334.00 | 423.00 | OK |
Version: 0.1.3
Check: dependencies in R code
Result: NOTE
Namespaces in Imports field not imported from:
‘devtools’ ‘rstudioapi’
All declared Imports should be used.
Flavors: r-devel-linux-x86_64-fedora-clang, r-devel-linux-x86_64-fedora-gcc, r-release-macos-arm64, r-release-macos-x86_64, r-oldrel-macos-arm64, r-oldrel-macos-x86_64