CRAN Package Check Results for Package SpATS

Last updated on 2020-09-22 16:02:41 CEST.

Flavor Version Tinstall Tcheck Ttotal Status Flags
r-devel-linux-x86_64-debian-clang 1.0-11 7.76 74.50 82.26 OK
r-devel-linux-x86_64-debian-gcc 1.0-11 6.57 56.66 63.23 OK
r-devel-linux-x86_64-fedora-clang 1.0-11 108.83 OK
r-devel-linux-x86_64-fedora-gcc 1.0-11 98.72 OK
r-devel-windows-ix86+x86_64 1.0-11 16.00 84.00 100.00 OK
r-patched-linux-x86_64 1.0-11 6.85 71.89 78.74 OK
r-patched-solaris-x86 1.0-11 148.00 OK
r-release-linux-x86_64 1.0-11 8.28 72.62 80.90 OK
r-release-macos-x86_64 1.0-11 OK
r-release-windows-ix86+x86_64 1.0-11 15.00 97.00 112.00 OK
r-oldrel-macos-x86_64 1.0-11 NOTE
r-oldrel-windows-ix86+x86_64 1.0-11 9.00 79.00 88.00 OK

Check Details

Version: 1.0-11
Check: dependencies in R code
Result: NOTE
    No protocol specified
Flavor: r-oldrel-macos-x86_64