CRAN Package Check Results for Package SoundShape

Last updated on 2024-07-22 15:57:34 CEST.

Flavor Version Tinstall Tcheck Ttotal Status Flags
r-devel-linux-x86_64-debian-clang 1.3.0 2.45 88.29 90.74 OK
r-devel-linux-x86_64-debian-gcc 1.3.0 2.92 66.45 69.37 NOTE
r-devel-linux-x86_64-fedora-clang 1.3.0 118.40 OK
r-devel-linux-x86_64-fedora-gcc 1.3.0 124.87 OK
r-devel-windows-x86_64 1.3.0 7.00 97.00 104.00 NOTE
r-patched-linux-x86_64 1.3.0 10.20 86.39 96.59 OK
r-release-linux-x86_64 1.3.0 2.22 85.99 88.21 OK
r-release-macos-arm64 1.3.0 58.00 OK
r-release-macos-x86_64 1.3.0 68.00 OK
r-release-windows-x86_64 1.3.0 5.00 98.00 103.00 OK
r-oldrel-macos-arm64 1.3.0 53.00 OK
r-oldrel-macos-x86_64 1.3.0 100.00 OK
r-oldrel-windows-x86_64 1.3.0 6.00 120.00 126.00 OK

Check Details

Version: 1.3.0
Check: Rd cross-references
Result: NOTE Found the following Rd file(s) with Rd \link{} targets missing package anchors: centralis.Rd: tuneR cuvieri.Rd: tuneR eigensound.Rd: persp3D, plot3D, geomorph, seewave hypo.surf.Rd: persp3D, plot3D, colkey, geomorph, gm.prcomp, summary.gm.prcomp, plot.gm.prcomp kroyeri.Rd: tuneR threeDspectro.Rd: spectro, seewave, persp3D, plot3D, colkey Please provide package anchors for all Rd \link{} targets not in the package itself and the base packages. Flavors: r-devel-linux-x86_64-debian-gcc, r-devel-windows-x86_64