CRAN Package Check Results for Package SolveRationalMatrixEquation

Last updated on 2021-10-19 03:52:36 CEST.

Flavor Version Tinstall Tcheck Ttotal Status Flags
r-devel-linux-x86_64-debian-clang 0.1.0 1.98 21.54 23.52 NOTE
r-devel-linux-x86_64-debian-gcc 0.1.0 1.45 17.01 18.46 NOTE
r-devel-linux-x86_64-fedora-clang 0.1.0 38.58 OK
r-devel-linux-x86_64-fedora-gcc 0.1.0 28.50 OK
r-devel-windows-x86_64 0.1.0 4.00 39.00 43.00 NOTE
r-devel-windows-x86_64-gcc10-UCRT 0.1.0 OK
r-patched-linux-x86_64 0.1.0 1.51 20.18 21.69 NOTE
r-patched-solaris-x86 0.1.0 45.70 OK
r-release-linux-x86_64 0.1.0 1.82 20.69 22.51 NOTE
r-release-macos-arm64 0.1.0 OK
r-release-macos-x86_64 0.1.0 OK
r-release-windows-ix86+x86_64 0.1.0 4.00 40.00 44.00 NOTE
r-oldrel-macos-x86_64 0.1.0 OK
r-oldrel-windows-ix86+x86_64 0.1.0 5.00 37.00 42.00 NOTE

Check Details

Version: 0.1.0
Check: package vignettes
Result: NOTE
    Package vignette with placeholder title 'Vignette Title':
     'SolveRationalMatrixEquation.Rmd'
Flavors: r-devel-linux-x86_64-debian-clang, r-devel-linux-x86_64-debian-gcc, r-devel-windows-x86_64, r-patched-linux-x86_64, r-release-linux-x86_64, r-release-windows-ix86+x86_64, r-oldrel-windows-ix86+x86_64