CRAN Package Check Results for Package SmoothTensor

Last updated on 2022-10-01 03:54:21 CEST.

Flavor Version Tinstall Tcheck Ttotal Status Flags
r-devel-linux-x86_64-debian-clang 0.1.1 9.41 69.57 78.98 NOTE
r-devel-linux-x86_64-debian-gcc 0.1.1 6.69 53.64 60.33 NOTE
r-devel-linux-x86_64-fedora-clang 0.1.1 114.50 NOTE
r-devel-linux-x86_64-fedora-gcc 0.1.1 110.79 NOTE
r-devel-windows-x86_64 0.1.1 19.00 93.00 112.00 NOTE
r-patched-linux-x86_64 0.1.1 8.42 67.11 75.53 OK
r-release-linux-x86_64 0.1.1 6.99 66.52 73.51 OK
r-release-macos-arm64 0.1.1 30.00 NOTE
r-release-macos-x86_64 0.1.1 41.00 NOTE
r-release-windows-x86_64 0.1.1 17.00 92.00 109.00 OK
r-oldrel-macos-arm64 0.1.1 35.00 NOTE
r-oldrel-macos-x86_64 0.1.1 40.00 NOTE
r-oldrel-windows-ix86+x86_64 0.1.1 19.00 88.00 107.00 OK

Check Details

Version: 0.1.1
Check: package subdirectories
Result: NOTE
    Problems with news in 'NEWS.md':
    No news entries found.
Flavors: r-devel-linux-x86_64-debian-clang, r-devel-linux-x86_64-debian-gcc, r-devel-linux-x86_64-fedora-clang, r-devel-linux-x86_64-fedora-gcc, r-devel-windows-x86_64

Version: 0.1.1
Check: dependencies in R code
Result: NOTE
    Namespace in Imports field not imported from: ‘methods’
     All declared Imports should be used.
Flavors: r-devel-linux-x86_64-fedora-clang, r-devel-linux-x86_64-fedora-gcc, r-release-macos-arm64, r-release-macos-x86_64, r-oldrel-macos-arm64, r-oldrel-macos-x86_64