Last updated on 2023-10-01 05:05:54 CEST.
Flavor | Version | Tinstall | Tcheck | Ttotal | Status | Flags |
---|---|---|---|---|---|---|
r-devel-linux-x86_64-debian-clang | 0.1.1 | 8.82 | 70.98 | 79.80 | NOTE | |
r-devel-linux-x86_64-debian-gcc | 0.1.1 | 7.29 | 54.77 | 62.06 | NOTE | |
r-devel-linux-x86_64-fedora-clang | 0.1.1 | 96.74 | NOTE | |||
r-devel-linux-x86_64-fedora-gcc | 0.1.1 | 102.27 | NOTE | |||
r-devel-windows-x86_64 | 0.1.1 | 7.00 | 70.00 | 77.00 | NOTE | |
r-patched-linux-x86_64 | 0.1.1 | 6.99 | 70.12 | 77.11 | NOTE | |
r-release-linux-x86_64 | 0.1.1 | 5.93 | 70.46 | 76.39 | NOTE | |
r-release-macos-arm64 | 0.1.1 | 34.00 | NOTE | |||
r-release-macos-x86_64 | 0.1.1 | 49.00 | NOTE | |||
r-release-windows-x86_64 | 0.1.1 | 10.00 | 78.00 | 88.00 | NOTE | |
r-oldrel-macos-arm64 | 0.1.1 | 30.00 | NOTE | |||
r-oldrel-macos-x86_64 | 0.1.1 | 41.00 | NOTE | |||
r-oldrel-windows-x86_64 | 0.1.1 | 11.00 | 81.00 | 92.00 | OK |
Version: 0.1.1
Check: package subdirectories
Result: NOTE
Problems with news in ‘NEWS.md’:
No news entries found.
Flavors: r-devel-linux-x86_64-debian-clang, r-devel-linux-x86_64-debian-gcc, r-devel-linux-x86_64-fedora-clang, r-devel-linux-x86_64-fedora-gcc, r-devel-windows-x86_64, r-patched-linux-x86_64, r-release-linux-x86_64, r-release-macos-arm64, r-release-macos-x86_64, r-release-windows-x86_64
Version: 0.1.1
Check: dependencies in R code
Result: NOTE
Namespace in Imports field not imported from: ‘methods’
All declared Imports should be used.
Flavors: r-devel-linux-x86_64-fedora-clang, r-devel-linux-x86_64-fedora-gcc, r-oldrel-macos-arm64, r-oldrel-macos-x86_64