CRAN Package Check Results for Package SmarterPoland

Last updated on 2024-04-23 03:57:00 CEST.

Flavor Version Tinstall Tcheck Ttotal Status Flags
r-devel-linux-x86_64-debian-clang 1.8.1 59.53 62.75 122.28 NOTE
r-devel-linux-x86_64-debian-gcc 1.8.1 54.09 48.40 102.49 NOTE
r-devel-linux-x86_64-fedora-clang 1.8.1 170.78 NOTE
r-devel-linux-x86_64-fedora-gcc 1.8.1 164.42 NOTE
r-prerel-macos-arm64 1.8.1 62.00 NOTE
r-prerel-windows-x86_64 1.8.1 59.00 67.00 126.00 NOTE
r-patched-linux-x86_64 1.8.1 64.24 59.86 124.10 NOTE
r-release-linux-x86_64 1.8.1 61.66 59.38 121.04 OK
r-release-macos-arm64 1.8.1 69.00 NOTE
r-release-macos-x86_64 1.8.1 127.00 NOTE
r-release-windows-x86_64 1.8.1 77.00 77.00 154.00 OK
r-oldrel-macos-arm64 1.8.1 75.00 NOTE
r-oldrel-windows-x86_64 1.8.1 76.00 82.00 158.00 OK

Check Details

Version: 1.8.1
Check: Rd files
Result: NOTE checkRd: (-1) cities_lon_lat.Rd:6: Lost braces 6 | A subset of world.cities{maps}. Extracted in order to shink number of dependencies. | ^ Flavors: r-devel-linux-x86_64-debian-clang, r-devel-linux-x86_64-debian-gcc, r-devel-linux-x86_64-fedora-clang, r-devel-linux-x86_64-fedora-gcc, r-prerel-macos-arm64, r-prerel-windows-x86_64, r-patched-linux-x86_64

Version: 1.8.1
Check: data for non-ASCII characters
Result: NOTE Note: found 1122 marked UTF-8 strings Flavors: r-devel-linux-x86_64-fedora-clang, r-devel-linux-x86_64-fedora-gcc

Version: 1.8.1
Check: installed package size
Result: NOTE installed size is 5.3Mb sub-directories of 1Mb or more: data 5.1Mb Flavors: r-prerel-macos-arm64, r-release-macos-arm64, r-release-macos-x86_64, r-oldrel-macos-arm64