CRAN Package Check Results for Package SmartEDA

Last updated on 2022-06-27 03:51:25 CEST.

Flavor Version Tinstall Tcheck Ttotal Status Flags
r-devel-linux-x86_64-debian-clang 0.3.8 11.65 176.94 188.59 OK
r-devel-linux-x86_64-debian-gcc 0.3.8 7.82 124.78 132.60 OK
r-devel-linux-x86_64-fedora-clang 0.3.8 220.49 NOTE
r-devel-linux-x86_64-fedora-gcc 0.3.8 215.21 NOTE
r-devel-windows-x86_64 0.3.8 38.00 204.00 242.00 OK
r-patched-linux-x86_64 0.3.8 9.59 158.98 168.57 OK
r-release-linux-x86_64 0.3.8 8.39 157.67 166.06 OK
r-release-macos-arm64 0.3.8 75.00 NOTE
r-release-macos-x86_64 0.3.8 140.00 NOTE
r-release-windows-x86_64 0.3.8 32.00 196.00 228.00 OK
r-oldrel-macos-arm64 0.3.8 103.00 NOTE
r-oldrel-macos-x86_64 0.3.8 87.00 NOTE
r-oldrel-windows-ix86+x86_64 0.3.8 23.00 200.00 223.00 OK

Check Details

Version: 0.3.8
Check: dependencies in R code
Result: NOTE
    Namespace in Imports field not imported from: ‘qpdf’
     All declared Imports should be used.
Flavors: r-devel-linux-x86_64-fedora-clang, r-devel-linux-x86_64-fedora-gcc, r-release-macos-arm64, r-release-macos-x86_64, r-oldrel-macos-arm64, r-oldrel-macos-x86_64

Version: 0.3.8
Check: Rd cross-references
Result: NOTE
    Undeclared packages ‘InformationValue’, ‘ggthemes’ in Rd xrefs
Flavor: r-devel-linux-x86_64-fedora-clang